Last updated on 2025-10-03 07:49:55 CEST.
Flavor | Version | Tinstall | Tcheck | Ttotal | Status | Flags |
---|---|---|---|---|---|---|
r-devel-linux-x86_64-debian-clang | 0.4.1 | 5.19 | 44.75 | 49.94 | OK | |
r-devel-linux-x86_64-debian-gcc | 0.4.1 | 3.32 | 31.97 | 35.29 | OK | |
r-devel-linux-x86_64-fedora-clang | 0.4.1 | 72.18 | OK | |||
r-devel-linux-x86_64-fedora-gcc | 0.4.1 | 85.33 | OK | |||
r-devel-windows-x86_64 | 0.4.1 | 7.00 | 62.00 | 69.00 | OK | |
r-patched-linux-x86_64 | 0.4.1 | 5.43 | 39.62 | 45.05 | OK | |
r-release-linux-x86_64 | 0.4.1 | 4.24 | 39.46 | 43.70 | OK | |
r-release-macos-arm64 | 0.4.1 | 36.00 | OK | |||
r-release-macos-x86_64 | 0.4.1 | 71.00 | OK | |||
r-release-windows-x86_64 | 0.4.1 | 7.00 | 62.00 | 69.00 | OK | |
r-oldrel-macos-arm64 | 0.4.1 | 34.00 | NOTE | |||
r-oldrel-macos-x86_64 | 0.4.1 | 61.00 | NOTE | |||
r-oldrel-windows-x86_64 | 0.4.1 | 10.00 | 73.00 | 83.00 | NOTE |
Version: 0.4.1
Check: LazyData
Result: NOTE
'LazyData' is specified without a 'data' directory
Flavors: r-oldrel-macos-arm64, r-oldrel-macos-x86_64, r-oldrel-windows-x86_64
These binaries (installable software) and packages are in development.
They may not be fully stable and should be used with caution. We make no claims about them.