Last updated on 2025-02-16 10:50:57 CET.
Flavor | Version | Tinstall | Tcheck | Ttotal | Status | Flags |
---|---|---|---|---|---|---|
r-devel-linux-x86_64-debian-clang | 2.1.0 | 20.92 | 180.60 | 201.52 | OK | |
r-devel-linux-x86_64-debian-gcc | 2.1.0 | 14.11 | 126.92 | 141.03 | OK | |
r-devel-linux-x86_64-fedora-clang | 2.1.0 | 346.11 | OK | |||
r-devel-linux-x86_64-fedora-gcc | 2.1.0 | 317.94 | OK | |||
r-devel-macos-arm64 | 2.1.0 | 81.00 | OK | |||
r-devel-macos-x86_64 | 2.1.0 | 186.00 | OK | |||
r-devel-windows-x86_64 | 2.1.0 | 22.00 | 161.00 | 183.00 | OK | |
r-patched-linux-x86_64 | 2.1.0 | 18.42 | 166.36 | 184.78 | OK | |
r-release-linux-x86_64 | 2.1.0 | 18.50 | 167.75 | 186.25 | OK | |
r-release-macos-arm64 | 2.1.0 | 87.00 | OK | |||
r-release-macos-x86_64 | 2.1.0 | 147.00 | OK | |||
r-release-windows-x86_64 | 2.1.0 | 22.00 | 165.00 | 187.00 | OK | |
r-oldrel-macos-arm64 | 2.1.0 | 86.00 | NOTE | |||
r-oldrel-macos-x86_64 | 2.1.0 | 132.00 | NOTE | |||
r-oldrel-windows-x86_64 | 2.1.0 | 28.00 | 199.00 | 227.00 | OK |
Version: 2.1.0
Check: package dependencies
Result: NOTE
Package suggested but not available for checking: ‘Gviz’
Flavors: r-oldrel-macos-arm64, r-oldrel-macos-x86_64
These binaries (installable software) and packages are in development.
They may not be fully stable and should be used with caution. We make no claims about them.