Last updated on 2025-02-16 10:50:57 CET.
Flavor | Version | Tinstall | Tcheck | Ttotal | Status | Flags |
---|---|---|---|---|---|---|
r-devel-linux-x86_64-debian-clang | 1.7 | 464.56 | 111.46 | 576.02 | OK | |
r-devel-linux-x86_64-debian-gcc | 1.7 | 410.60 | 77.87 | 488.47 | OK | |
r-devel-linux-x86_64-fedora-clang | 1.7 | 990.69 | OK | |||
r-devel-linux-x86_64-fedora-gcc | 1.7 | 1392.66 | OK | |||
r-devel-macos-arm64 | 1.7 | 263.00 | OK | |||
r-devel-macos-x86_64 | 1.7 | 311.00 | OK | |||
r-devel-windows-x86_64 | 1.7 | 469.00 | 224.00 | 693.00 | OK | |
r-patched-linux-x86_64 | 1.7 | 547.46 | 105.13 | 652.59 | OK | |
r-release-linux-x86_64 | 1.7 | 548.27 | 104.36 | 652.63 | OK | |
r-release-macos-arm64 | 1.7 | 269.00 | NOTE | |||
r-release-macos-x86_64 | 1.7 | 385.00 | NOTE | |||
r-release-windows-x86_64 | 1.7 | 471.00 | 235.00 | 706.00 | NOTE | |
r-oldrel-macos-arm64 | 1.7 | 278.00 | NOTE | |||
r-oldrel-macos-x86_64 | 1.7 | 327.00 | NOTE | |||
r-oldrel-windows-x86_64 | 1.7 | 654.00 | 262.00 | 916.00 | NOTE |
Version: 1.7
Check: installed package size
Result: NOTE
installed size is 122.6Mb
sub-directories of 1Mb or more:
R 1.0Mb
libs 120.8Mb
Flavors: r-release-macos-arm64, r-release-macos-x86_64, r-release-windows-x86_64, r-oldrel-macos-arm64, r-oldrel-macos-x86_64, r-oldrel-windows-x86_64
These binaries (installable software) and packages are in development.
They may not be fully stable and should be used with caution. We make no claims about them.