Last updated on 2025-10-03 03:50:56 CEST.
Flavor | Version | Tinstall | Tcheck | Ttotal | Status | Flags |
---|---|---|---|---|---|---|
r-devel-linux-x86_64-debian-clang | 1.7 | 473.76 | 114.72 | 588.48 | OK | |
r-devel-linux-x86_64-debian-gcc | 1.7 | 424.26 | 81.13 | 505.39 | OK | |
r-devel-linux-x86_64-fedora-clang | 1.7 | 967.31 | OK | |||
r-devel-linux-x86_64-fedora-gcc | 1.7 | 1327.33 | OK | |||
r-devel-windows-x86_64 | 1.7 | 530.00 | 235.00 | 765.00 | OK | |
r-patched-linux-x86_64 | 1.7 | 581.20 | 109.68 | 690.88 | OK | |
r-release-linux-x86_64 | 1.7 | 581.60 | 110.20 | 691.80 | OK | |
r-release-macos-arm64 | 1.7 | 312.00 | OK | |||
r-release-macos-x86_64 | 1.7 | 312.00 | OK | |||
r-release-windows-x86_64 | 1.7 | 529.00 | 234.00 | 763.00 | OK | |
r-oldrel-macos-arm64 | 1.7 | 269.00 | NOTE | |||
r-oldrel-macos-x86_64 | 1.7 | 385.00 | NOTE | |||
r-oldrel-windows-x86_64 | 1.7 | 640.00 | 292.00 | 932.00 | NOTE |
Version: 1.7
Check: installed package size
Result: NOTE
installed size is 122.6Mb
sub-directories of 1Mb or more:
R 1.0Mb
libs 120.8Mb
Flavors: r-oldrel-macos-arm64, r-oldrel-macos-x86_64, r-oldrel-windows-x86_64
These binaries (installable software) and packages are in development.
They may not be fully stable and should be used with caution. We make no claims about them.