Last updated on 2025-05-08 04:52:17 CEST.
Flavor | Version | Tinstall | Tcheck | Ttotal | Status | Flags |
---|---|---|---|---|---|---|
r-devel-linux-x86_64-debian-clang | 1.7 | 475.70 | 113.02 | 588.72 | OK | |
r-devel-linux-x86_64-debian-gcc | 1.7 | 418.30 | 78.38 | 496.68 | OK | |
r-devel-linux-x86_64-fedora-clang | 1.7 | 956.12 | OK | |||
r-devel-linux-x86_64-fedora-gcc | 1.7 | 1507.21 | OK | |||
r-devel-windows-x86_64 | 1.7 | 525.00 | 226.00 | 751.00 | OK | |
r-patched-linux-x86_64 | 1.7 | 558.91 | 106.64 | 665.55 | OK | |
r-release-linux-x86_64 | 1.7 | 541.93 | 108.43 | 650.36 | OK | |
r-release-macos-arm64 | 1.7 | 312.00 | OK | |||
r-release-macos-x86_64 | 1.7 | 312.00 | OK | |||
r-release-windows-x86_64 | 1.7 | 525.00 | 254.00 | 779.00 | OK | |
r-oldrel-macos-arm64 | 1.7 | 269.00 | NOTE | |||
r-oldrel-macos-x86_64 | 1.7 | 385.00 | NOTE | |||
r-oldrel-windows-x86_64 | 1.7 | 626.00 | 293.00 | 919.00 | NOTE |
Version: 1.7
Check: installed package size
Result: NOTE
installed size is 122.6Mb
sub-directories of 1Mb or more:
R 1.0Mb
libs 120.8Mb
Flavors: r-oldrel-macos-arm64, r-oldrel-macos-x86_64, r-oldrel-windows-x86_64
These binaries (installable software) and packages are in development.
They may not be fully stable and should be used with caution. We make no claims about them.