Last updated on 2025-11-12 19:52:02 CET.
| Flavor | Version | Tinstall | Tcheck | Ttotal | Status | Flags |
|---|---|---|---|---|---|---|
| r-devel-linux-x86_64-debian-clang | 1.8 | 546.97 | 119.53 | 666.50 | OK | |
| r-devel-linux-x86_64-debian-gcc | 1.8 | 469.13 | 84.50 | 553.63 | OK | |
| r-devel-linux-x86_64-fedora-clang | 1.8 | 1200.00 | -104.21 | 1095.79 | OK | |
| r-devel-linux-x86_64-fedora-gcc | 1.8 | 1740.00 | -270.25 | 1469.75 | OK | |
| r-devel-windows-x86_64 | 1.8 | 597.00 | 240.00 | 837.00 | OK | |
| r-patched-linux-x86_64 | 1.8 | 663.84 | 116.37 | 780.21 | OK | |
| r-release-linux-x86_64 | 1.8 | 653.76 | 115.20 | 768.96 | OK | |
| r-release-macos-arm64 | 1.8 | 236.00 | 69.00 | 305.00 | OK | |
| r-release-macos-x86_64 | 1.8 | 218.00 | 129.00 | 347.00 | OK | |
| r-release-windows-x86_64 | 1.8 | 606.00 | 252.00 | 858.00 | OK | |
| r-oldrel-macos-arm64 | 1.8 | 231.00 | 68.00 | 299.00 | NOTE | |
| r-oldrel-macos-x86_64 | 1.8 | 224.00 | 129.00 | 353.00 | NOTE | |
| r-oldrel-windows-x86_64 | 1.8 | 724.00 | 355.00 | 1079.00 | NOTE |
Version: 1.8
Check: installed package size
Result: NOTE
installed size is 128.2Mb
sub-directories of 1Mb or more:
R 2.0Mb
libs 125.3Mb
Flavors: r-oldrel-macos-arm64, r-oldrel-macos-x86_64, r-oldrel-windows-x86_64
These binaries (installable software) and packages are in development.
They may not be fully stable and should be used with caution. We make no claims about them.