Last updated on 2025-05-29 13:49:16 CEST.
Flavor | Version | Tinstall | Tcheck | Ttotal | Status | Flags |
---|---|---|---|---|---|---|
r-devel-linux-x86_64-debian-clang | 1.4.3 | 13.25 | 108.04 | 121.29 | NOTE | |
r-devel-linux-x86_64-debian-gcc | 1.4.3 | 10.43 | 83.91 | 94.34 | NOTE | |
r-devel-linux-x86_64-fedora-clang | 1.4.3 | 181.48 | NOTE | |||
r-devel-linux-x86_64-fedora-gcc | 1.4.3 | 170.96 | NOTE | |||
r-devel-windows-x86_64 | 1.4.3 | 20.00 | 117.00 | 137.00 | OK | |
r-patched-linux-x86_64 | 1.4.3 | 13.56 | 101.91 | 115.47 | OK | |
r-release-linux-x86_64 | 1.4.3 | 12.85 | 102.17 | 115.02 | OK | |
r-release-macos-arm64 | 1.4.3 | 56.00 | OK | |||
r-release-macos-x86_64 | 1.4.3 | 99.00 | OK | |||
r-release-windows-x86_64 | 1.4.3 | 20.00 | 126.00 | 146.00 | OK | |
r-oldrel-macos-arm64 | 1.4.3 | 56.00 | OK | |||
r-oldrel-macos-x86_64 | 1.4.3 | 83.00 | OK | |||
r-oldrel-windows-x86_64 | 1.4.3 | 24.00 | 151.00 | 175.00 | OK |
Version: 1.4.3
Check: CRAN incoming feasibility
Result: NOTE
Maintainer: ‘Loren Collingwood <loren.collingwood@gmail.com>’
No Authors@R field in DESCRIPTION.
Please add one, modifying
Authors@R: c(person(given = c("Timothy", "P."),
family = "Jurka",
role = "aut"),
person(given = "Loren",
family = "Collingwood",
role = c("aut", "cre"),
email = "loren.collingwood@gmail.com"),
person(given = c("Amber", "E."),
family = "Boydstun",
role = "aut"),
person(given = "Emiliano",
family = "Grossman",
role = "aut"),
person(given = "Wouter",
family = "van Atteveldt",
role = "aut"))
as necessary.
Flavors: r-devel-linux-x86_64-debian-clang, r-devel-linux-x86_64-debian-gcc
Version: 1.4.3
Check: compiled code
Result: NOTE
File ‘RTextTools/libs/RTextTools.so’:
Found no calls to: ‘R_registerRoutines’, ‘R_useDynamicSymbols’
It is good practice to register native routines and to disable symbol
search.
See ‘Writing portable packages’ in the ‘Writing R Extensions’ manual.
Flavors: r-devel-linux-x86_64-fedora-clang, r-devel-linux-x86_64-fedora-gcc
These binaries (installable software) and packages are in development.
They may not be fully stable and should be used with caution. We make no claims about them.