Last updated on 2024-07-27 15:50:32 CEST.
Flavor | Version | Tinstall | Tcheck | Ttotal | Status | Flags |
---|---|---|---|---|---|---|
r-devel-linux-x86_64-debian-clang | 0.0.5 | 46.22 | 493.20 | 539.42 | OK | |
r-devel-linux-x86_64-debian-gcc | 0.0.5 | OK | ||||
r-devel-linux-x86_64-fedora-clang | 0.0.5 | 754.21 | NOTE | |||
r-devel-linux-x86_64-fedora-gcc | 0.0.5 | 729.31 | NOTE | |||
r-devel-windows-x86_64 | 0.0.5 | 48.00 | 358.00 | 406.00 | OK | |
r-patched-linux-x86_64 | 0.0.5 | OK | ||||
r-release-linux-x86_64 | 0.0.5 | 45.35 | 479.55 | 524.90 | OK | |
r-release-macos-arm64 | 0.0.5 | 5.00 | ERROR | |||
r-release-macos-x86_64 | 0.0.5 | 274.00 | OK | |||
r-release-windows-x86_64 | 0.0.5 | 47.00 | 352.00 | 399.00 | OK | |
r-oldrel-macos-arm64 | 0.0.5 | 10.00 | ERROR | |||
r-oldrel-macos-x86_64 | 0.0.5 | 12.00 | ERROR | |||
r-oldrel-windows-x86_64 | 0.0.5 | 61.00 | 466.00 | 527.00 | OK |
Version: 0.0.5
Check: package dependencies
Result: NOTE
Imports includes 22 non-default packages.
Importing from so many packages makes the package vulnerable to any of
them becoming unavailable. Move as many as possible to Suggests and
use conditionally.
Flavor: r-devel-linux-x86_64-fedora-clang
Version: 0.0.5
Check: dependencies in R code
Result: NOTE
Namespace in Imports field not imported from: ‘XML’
All declared Imports should be used.
Flavors: r-devel-linux-x86_64-fedora-clang, r-devel-linux-x86_64-fedora-gcc
Version: 0.0.5
Check: package dependencies
Result: ERROR
Package required but not available: ‘rWikiPathways’
See section ‘The DESCRIPTION file’ in the ‘Writing R Extensions’
manual.
Flavor: r-release-macos-arm64
Version: 0.0.5
Check: package dependencies
Result: ERROR
Package required but not available: ‘GSVAdata’
See section ‘The DESCRIPTION file’ in the ‘Writing R Extensions’
manual.
Flavors: r-oldrel-macos-arm64, r-oldrel-macos-x86_64
These binaries (installable software) and packages are in development.
They may not be fully stable and should be used with caution. We make no claims about them.