CRAN Package Check Results for Package RVAideMemoire

Last updated on 2025-10-03 13:49:46 CEST.

Flavor Version Tinstall Tcheck Ttotal Status Flags
r-devel-linux-x86_64-debian-clang 0.9-83-12 14.80 117.25 132.05 OK
r-devel-linux-x86_64-debian-gcc 0.9-83-12 11.55 74.64 86.19 OK
r-devel-linux-x86_64-fedora-clang 0.9-83-12 212.62 OK
r-devel-linux-x86_64-fedora-gcc 0.9-83-12 230.71 OK
r-devel-windows-x86_64 0.9-83-12 20.00 166.00 186.00 OK
r-patched-linux-x86_64 0.9-83-12 20.11 110.11 130.22 OK
r-release-linux-x86_64 0.9-83-12 14.98 109.55 124.53 OK
r-release-macos-arm64 0.9-83-12 46.00 OK
r-release-macos-x86_64 0.9-83-12 75.00 OK
r-release-windows-x86_64 0.9-83-12 21.00 194.00 215.00 OK
r-oldrel-macos-arm64 0.9-83-12 51.00 NOTE
r-oldrel-macos-x86_64 0.9-83-12 87.00 NOTE
r-oldrel-windows-x86_64 0.9-83-12 27.00 182.00 209.00 NOTE

Check Details

Version: 0.9-83-12
Check: package dependencies
Result: NOTE Package which this enhances but not available for checking: ‘glmmADMB’ Flavors: r-oldrel-macos-arm64, r-oldrel-macos-x86_64, r-oldrel-windows-x86_64

These binaries (installable software) and packages are in development.
They may not be fully stable and should be used with caution. We make no claims about them.