CRAN Package Check Results for Package RWDataPlyr

Last updated on 2025-05-21 21:49:29 CEST.

Flavor Version Tinstall Tcheck Ttotal Status Flags
r-devel-linux-x86_64-debian-clang 0.6.4 18.80 90.93 109.73 NOTE
r-devel-linux-x86_64-debian-gcc 0.6.4 14.11 63.85 77.96 NOTE
r-devel-linux-x86_64-fedora-clang 0.6.4 175.54 NOTE
r-devel-linux-x86_64-fedora-gcc 0.6.4 190.13 NOTE
r-devel-windows-x86_64 0.6.4 26.00 127.00 153.00 NOTE
r-patched-linux-x86_64 0.6.4 17.14 87.17 104.31 NOTE
r-release-linux-x86_64 0.6.4 18.79 86.91 105.70 NOTE
r-release-macos-arm64 0.6.4 66.00 NOTE
r-release-macos-x86_64 0.6.4 113.00 NOTE
r-release-windows-x86_64 0.6.4 21.00 133.00 154.00 NOTE
r-oldrel-macos-arm64 0.6.4 60.00 NOTE
r-oldrel-macos-x86_64 0.6.4 132.00 NOTE
r-oldrel-windows-x86_64 0.6.4 28.00 156.00 184.00 NOTE

Check Details

Version: 0.6.4
Check: C++ specification
Result: NOTE Specified C++11: please drop specification unless essential Flavors: r-devel-linux-x86_64-debian-clang, r-devel-linux-x86_64-debian-gcc, r-devel-linux-x86_64-fedora-clang, r-devel-linux-x86_64-fedora-gcc, r-devel-windows-x86_64, r-patched-linux-x86_64, r-release-linux-x86_64, r-release-macos-arm64, r-release-macos-x86_64, r-release-windows-x86_64, r-oldrel-macos-arm64, r-oldrel-macos-x86_64, r-oldrel-windows-x86_64

These binaries (installable software) and packages are in development.
They may not be fully stable and should be used with caution. We make no claims about them.