Last updated on 2025-05-01 21:53:17 CEST.
Flavor | Version | Tinstall | Tcheck | Ttotal | Status | Flags |
---|---|---|---|---|---|---|
r-devel-linux-x86_64-debian-clang | 3.9.3-2 | 2.89 | 23.14 | 26.03 | OK | |
r-devel-linux-x86_64-debian-gcc | 3.9.3-2 | 3.05 | 18.07 | 21.12 | OK | |
r-devel-linux-x86_64-fedora-clang | 3.9.3-2 | 43.21 | OK | |||
r-devel-linux-x86_64-fedora-gcc | 3.9.3-2 | 40.77 | OK | |||
r-devel-windows-x86_64 | 3.9.3-2 | 5.00 | 33.00 | 38.00 | OK | |
r-patched-linux-x86_64 | 3.9.3-2 | 3.77 | 22.19 | 25.96 | OK | |
r-release-linux-x86_64 | OK | |||||
r-release-macos-arm64 | 3.9.3-2 | 22.00 | OK | |||
r-release-macos-x86_64 | 3.9.3-2 | 31.00 | OK | |||
r-release-windows-x86_64 | 3.9.3-2 | 4.00 | 34.00 | 38.00 | OK | |
r-oldrel-macos-arm64 | 3.9.3-2 | 26.00 | NOTE | |||
r-oldrel-macos-x86_64 | 3.9.3-2 | 27.00 | NOTE | |||
r-oldrel-windows-x86_64 | 3.9.3-2 | 4.00 | 33.00 | 37.00 | NOTE |
Version: 3.9.3-2
Check: installed package size
Result: NOTE
installed size is 10.8Mb
sub-directories of 1Mb or more:
java 10.7Mb
Flavors: r-oldrel-macos-arm64, r-oldrel-macos-x86_64, r-oldrel-windows-x86_64
These binaries (installable software) and packages are in development.
They may not be fully stable and should be used with caution. We make no claims about them.