Last updated on 2025-10-23 21:51:40 CEST.
Flavor | Version | Tinstall | Tcheck | Ttotal | Status | Flags |
---|---|---|---|---|---|---|
r-devel-linux-x86_64-debian-clang | 3.9.3-2 | 3.39 | 24.54 | 27.93 | OK | |
r-devel-linux-x86_64-debian-gcc | 3.9.3-2 | 2.81 | 18.73 | 21.54 | OK | |
r-devel-linux-x86_64-fedora-clang | 3.9.3-2 | 42.68 | OK | |||
r-devel-linux-x86_64-fedora-gcc | 3.9.3-2 | 40.65 | OK | |||
r-devel-windows-x86_64 | 3.9.3-2 | 4.00 | 32.00 | 36.00 | OK | |
r-patched-linux-x86_64 | 3.9.3-2 | 3.34 | 23.34 | 26.68 | OK | |
r-release-linux-x86_64 | 3.9.3-2 | 3.02 | 22.80 | 25.82 | OK | |
r-release-macos-arm64 | 3.9.3-2 | 5.00 | 17.00 | 22.00 | OK | |
r-release-macos-x86_64 | 3.9.3-2 | 6.00 | 25.00 | 31.00 | OK | |
r-release-windows-x86_64 | 3.9.3-2 | 4.00 | 34.00 | 38.00 | OK | |
r-oldrel-macos-arm64 | 3.9.3-2 | 4.00 | 22.00 | 26.00 | NOTE | |
r-oldrel-macos-x86_64 | 3.9.3-2 | 4.00 | 23.00 | 27.00 | NOTE | |
r-oldrel-windows-x86_64 | 3.9.3-2 | 4.00 | 33.00 | 37.00 | NOTE |
Version: 3.9.3-2
Check: installed package size
Result: NOTE
installed size is 10.8Mb
sub-directories of 1Mb or more:
java 10.7Mb
Flavors: r-oldrel-macos-arm64, r-oldrel-macos-x86_64, r-oldrel-windows-x86_64
These binaries (installable software) and packages are in development.
They may not be fully stable and should be used with caution. We make no claims about them.