Last updated on 2025-05-01 14:49:21 CEST.
Flavor | Version | Tinstall | Tcheck | Ttotal | Status | Flags |
---|---|---|---|---|---|---|
r-devel-linux-x86_64-debian-clang | 1.3-3 | 4.54 | 41.80 | 46.34 | NOTE | |
r-devel-linux-x86_64-debian-gcc | 1.3-3 | 3.46 | 26.85 | 30.31 | OK | |
r-devel-linux-x86_64-fedora-clang | 1.3-3 | 74.26 | OK | |||
r-devel-linux-x86_64-fedora-gcc | 1.3-3 | 71.84 | OK | |||
r-devel-windows-x86_64 | 1.3-3 | 9.00 | 61.00 | 70.00 | OK | |
r-patched-linux-x86_64 | 1.3-3 | 4.64 | 38.62 | 43.26 | OK | |
r-release-linux-x86_64 | OK | |||||
r-release-macos-arm64 | 1.3-3 | 28.00 | OK | |||
r-release-macos-x86_64 | 1.3-3 | 45.00 | OK | |||
r-release-windows-x86_64 | 1.3-3 | 11.00 | 65.00 | 76.00 | OK | |
r-oldrel-macos-arm64 | 1.3-3 | 23.00 | OK | |||
r-oldrel-macos-x86_64 | 1.3-3 | 40.00 | OK | |||
r-oldrel-windows-x86_64 | 1.3-3 | 10.00 | 65.00 | 75.00 | OK |
Version: 1.3-3
Check: examples
Result: NOTE
Examples with CPU (user + system) or elapsed time > 5s
user system elapsed
wdm 7.005 0.000 9.200
tests 6.567 0.016 8.239
Flavor: r-devel-linux-x86_64-debian-clang
These binaries (installable software) and packages are in development.
They may not be fully stable and should be used with caution. We make no claims about them.