Last updated on 2025-02-16 10:50:56 CET.
Flavor | Version | Tinstall | Tcheck | Ttotal | Status | Flags |
---|---|---|---|---|---|---|
r-devel-linux-x86_64-debian-clang | 3.0.0 | 23.00 | 332.94 | 355.94 | OK | |
r-devel-linux-x86_64-debian-gcc | 3.0.0 | 15.76 | 217.71 | 233.47 | OK | |
r-devel-linux-x86_64-fedora-clang | 3.0.0 | 582.22 | OK | |||
r-devel-linux-x86_64-fedora-gcc | 3.0.0 | 553.55 | OK | |||
r-devel-macos-arm64 | 3.0.0 | 116.00 | OK | |||
r-devel-macos-x86_64 | 3.0.0 | 243.00 | OK | |||
r-devel-windows-x86_64 | 3.0.0 | 22.00 | 261.00 | 283.00 | OK | |
r-patched-linux-x86_64 | 3.0.0 | 23.34 | 305.78 | 329.12 | OK | |
r-release-linux-x86_64 | 3.0.0 | 20.55 | 309.26 | 329.81 | OK | |
r-release-macos-arm64 | 3.0.0 | 110.00 | NOTE | |||
r-release-macos-x86_64 | 3.0.0 | 187.00 | NOTE | |||
r-release-windows-x86_64 | 3.0.0 | 20.00 | 272.00 | 292.00 | OK | |
r-oldrel-macos-arm64 | 3.0.0 | 121.00 | OK | |||
r-oldrel-macos-x86_64 | 3.0.0 | 217.00 | NOTE | |||
r-oldrel-windows-x86_64 | 3.0.0 | 31.00 | 316.00 | 347.00 | OK |
Version: 3.0.0
Check: installed package size
Result: NOTE
installed size is 5.2Mb
sub-directories of 1Mb or more:
data 4.5Mb
Flavors: r-release-macos-arm64, r-release-macos-x86_64, r-oldrel-macos-x86_64
These binaries (installable software) and packages are in development.
They may not be fully stable and should be used with caution. We make no claims about them.