Last updated on 2025-10-23 11:50:24 CEST.
Flavor | Version | Tinstall | Tcheck | Ttotal | Status | Flags |
---|---|---|---|---|---|---|
r-devel-linux-x86_64-debian-clang | 3.0.0 | 24.96 | 353.68 | 378.64 | NOTE | |
r-devel-linux-x86_64-debian-gcc | 3.0.0 | 16.68 | 231.81 | 248.49 | NOTE | |
r-devel-linux-x86_64-fedora-clang | 3.0.0 | 69.00 | 532.03 | 601.03 | OK | |
r-devel-linux-x86_64-fedora-gcc | 3.0.0 | 53.00 | 535.77 | 588.77 | OK | |
r-devel-windows-x86_64 | 3.0.0 | 23.00 | 288.00 | 311.00 | OK | |
r-patched-linux-x86_64 | 3.0.0 | 24.07 | 331.18 | 355.25 | OK | |
r-release-linux-x86_64 | 3.0.0 | 21.06 | 333.65 | 354.71 | OK | |
r-release-macos-arm64 | 3.0.0 | 11.00 | 98.00 | 109.00 | OK | |
r-release-macos-x86_64 | 3.0.0 | 27.00 | 216.00 | 243.00 | OK | |
r-release-windows-x86_64 | 3.0.0 | 23.00 | 296.00 | 319.00 | OK | |
r-oldrel-macos-arm64 | 3.0.0 | 11.00 | 99.00 | 110.00 | NOTE | |
r-oldrel-macos-x86_64 | 3.0.0 | 24.00 | 163.00 | 187.00 | NOTE | |
r-oldrel-windows-x86_64 | 3.0.0 | 34.00 | 376.00 | 410.00 | OK |
Version: 3.0.0
Check: CRAN incoming feasibility
Result: NOTE
Maintainer: ‘Ye Tian <ye.t@columbia.edu>’
No Authors@R field in DESCRIPTION.
Please add one, modifying
Authors@R: c(person(given = "Ye",
family = "Tian",
role = c("aut", "cre"),
email = "ye.t@columbia.edu"),
person(given = "Yang",
family = "Feng",
role = "aut"))
as necessary.
Flavors: r-devel-linux-x86_64-debian-clang, r-devel-linux-x86_64-debian-gcc
Version: 3.0.0
Check: installed package size
Result: NOTE
installed size is 5.2Mb
sub-directories of 1Mb or more:
data 4.5Mb
Flavors: r-oldrel-macos-arm64, r-oldrel-macos-x86_64
These binaries (installable software) and packages are in development.
They may not be fully stable and should be used with caution. We make no claims about them.