Last updated on 2024-07-27 15:50:30 CEST.
Flavor | Version | Tinstall | Tcheck | Ttotal | Status | Flags |
---|---|---|---|---|---|---|
r-devel-linux-x86_64-debian-clang | 0.3.5 | 46.41 | 404.51 | 450.92 | OK | |
r-devel-linux-x86_64-debian-gcc | 0.3.5 | OK | ||||
r-devel-linux-x86_64-fedora-clang | 0.3.5 | 602.97 | NOTE | |||
r-devel-linux-x86_64-fedora-gcc | 0.3.5 | 580.73 | OK | |||
r-devel-windows-x86_64 | 0.3.5 | 42.00 | 438.00 | 480.00 | NOTE | |
r-patched-linux-x86_64 | 0.3.5 | OK | ||||
r-release-linux-x86_64 | 0.3.5 | 27.73 | 386.07 | 413.80 | OK | |
r-release-macos-arm64 | 0.3.5 | 184.00 | NOTE | |||
r-release-macos-x86_64 | 0.3.5 | 307.00 | NOTE | |||
r-release-windows-x86_64 | 0.3.5 | 46.00 | 436.00 | 482.00 | NOTE | |
r-oldrel-macos-arm64 | 0.3.5 | 205.00 | NOTE | |||
r-oldrel-macos-x86_64 | 0.3.5 | 509.00 | NOTE | |||
r-oldrel-windows-x86_64 | 0.3.5 | 54.00 | 533.00 | 587.00 | NOTE |
Version: 0.3.5
Check: package dependencies
Result: NOTE
Imports includes 25 non-default packages.
Importing from so many packages makes the package vulnerable to any of
them becoming unavailable. Move as many as possible to Suggests and
use conditionally.
Flavor: r-devel-linux-x86_64-fedora-clang
Version: 0.3.5
Check: installed package size
Result: NOTE
installed size is 9.7Mb
sub-directories of 1Mb or more:
data 2.0Mb
doc 6.7Mb
Flavors: r-devel-linux-x86_64-fedora-clang, r-devel-windows-x86_64, r-release-macos-arm64, r-release-macos-x86_64, r-release-windows-x86_64, r-oldrel-macos-arm64, r-oldrel-macos-x86_64, r-oldrel-windows-x86_64
Version: 0.3.5
Check: package dependencies
Result: NOTE
Packages suggested but not available for checking: 'batchelor', 'slingshot'
Flavors: r-release-macos-arm64, r-oldrel-macos-arm64, r-oldrel-macos-x86_64
These binaries (installable software) and packages are in development.
They may not be fully stable and should be used with caution. We make no claims about them.