Last updated on 2025-11-11 15:50:44 CET.
| Flavor | Version | Tinstall | Tcheck | Ttotal | Status | Flags |
|---|---|---|---|---|---|---|
| r-devel-linux-x86_64-debian-clang | 0.3.9 | 36.91 | 319.99 | 356.90 | OK | |
| r-devel-linux-x86_64-debian-gcc | 0.3.9 | 24.90 | 206.50 | 231.40 | OK | |
| r-devel-linux-x86_64-fedora-clang | 0.3.9 | 190.00 | 419.85 | 609.85 | OK | |
| r-devel-linux-x86_64-fedora-gcc | 0.3.9 | 165.00 | 452.69 | 617.69 | OK | |
| r-devel-windows-x86_64 | 0.3.9 | 44.00 | 446.00 | 490.00 | OK | |
| r-patched-linux-x86_64 | 0.3.9 | 35.70 | 307.90 | 343.60 | OK | |
| r-release-linux-x86_64 | 0.3.9 | 33.60 | 303.82 | 337.42 | OK | |
| r-release-macos-arm64 | 0.3.9 | 16.00 | 186.00 | 202.00 | OK | |
| r-release-macos-x86_64 | 0.3.9 | 29.00 | 403.00 | 432.00 | OK | |
| r-release-windows-x86_64 | 0.3.9 | 43.00 | 440.00 | 483.00 | OK | |
| r-oldrel-macos-arm64 | 0.3.9 | 16.00 | 177.00 | 193.00 | NOTE | |
| r-oldrel-macos-x86_64 | 0.3.9 | 26.00 | 268.00 | 294.00 | NOTE | |
| r-oldrel-windows-x86_64 | 0.3.9 | 57.00 | 562.00 | 619.00 | NOTE |
Version: 0.3.9
Check: installed package size
Result: NOTE
installed size is 10.9Mb
sub-directories of 1Mb or more:
data 2.1Mb
doc 6.6Mb
libs 1.3Mb
Flavors: r-oldrel-macos-arm64, r-oldrel-macos-x86_64, r-oldrel-windows-x86_64
These binaries (installable software) and packages are in development.
They may not be fully stable and should be used with caution. We make no claims about them.