CRAN Package Check Results for Package RadEro

Last updated on 2025-05-21 21:49:27 CEST.

Flavor Version Tinstall Tcheck Ttotal Status Flags
r-devel-linux-x86_64-debian-clang 1.0.8 16.65 73.88 90.53 OK
r-devel-linux-x86_64-debian-gcc 1.0.8 11.40 49.02 60.42 OK
r-devel-linux-x86_64-fedora-clang 1.0.8 150.54 NOTE
r-devel-linux-x86_64-fedora-gcc 1.0.8 140.29 NOTE
r-devel-windows-x86_64 1.0.8 23.00 98.00 121.00 OK
r-patched-linux-x86_64 1.0.8 16.98 68.83 85.81 OK
r-release-linux-x86_64 1.0.8 15.77 68.42 84.19 OK
r-release-macos-arm64 1.0.8 39.00 OK
r-release-macos-x86_64 1.0.8 96.00 OK
r-release-windows-x86_64 1.0.8 24.00 96.00 120.00 OK
r-oldrel-macos-arm64 1.0.8 46.00 OK
r-oldrel-macos-x86_64 1.0.8 91.00 OK
r-oldrel-windows-x86_64 1.0.5 29.00 119.00 148.00 OK

Check Details

Version: 1.0.8
Check: dependencies in R code
Result: NOTE Namespace in Imports field not imported from: ‘dplyr’ All declared Imports should be used. Flavors: r-devel-linux-x86_64-fedora-clang, r-devel-linux-x86_64-fedora-gcc

These binaries (installable software) and packages are in development.
They may not be fully stable and should be used with caution. We make no claims about them.