CRAN Package Check Results for Package RadioSonde

Last updated on 2025-11-13 21:50:06 CET.

Flavor Version Tinstall Tcheck Ttotal Status Flags
r-devel-linux-x86_64-debian-clang 4.2 5.91 44.21 50.12 NOTE
r-devel-linux-x86_64-debian-gcc 4.2 3.95 32.32 36.27 NOTE
r-devel-linux-x86_64-fedora-clang 4.2 11.00 64.42 75.42 OK
r-devel-linux-x86_64-fedora-gcc 4.2 13.00 59.99 72.99 OK
r-devel-windows-x86_64 4.2 6.00 57.00 63.00 OK
r-patched-linux-x86_64 4.2 4.13 42.93 47.06 OK
r-release-linux-x86_64 4.2 5.43 42.31 47.74 OK
r-release-macos-arm64 4.2 3.00 23.00 26.00 OK
r-release-macos-x86_64 4.2 4.00 42.00 46.00 OK
r-release-windows-x86_64 4.2 6.00 54.00 60.00 OK
r-oldrel-macos-arm64 4.2 3.00 20.00 23.00 OK
r-oldrel-macos-x86_64 4.2 3.00 33.00 36.00 OK
r-oldrel-windows-x86_64 4.2 9.00 66.00 75.00 OK

Check Details

Version: 4.2
Check: CRAN incoming feasibility
Result: NOTE Maintainer: ‘Doug Nychka <nychka@mines.edu>’ No Authors@R field in DESCRIPTION. Please add one, modifying Authors@R: c(person(given = "Doug", family = "Nychka", role = c("aut", "cre"), email = "nychka@mines.edu"), person(given = "Eric", family = "Gilleland", role = "aut"), person(given = "Liangying", family = "Zhang", role = "aut"), person(given = "Tim", family = "Hoar", role = "aut"), person(given = "Kate", family = "Young", role = "aut")) as necessary. Flavors: r-devel-linux-x86_64-debian-clang, r-devel-linux-x86_64-debian-gcc

These binaries (installable software) and packages are in development.
They may not be fully stable and should be used with caution. We make no claims about them.