Last updated on 2025-10-25 09:49:41 CEST.
| Flavor | Version | Tinstall | Tcheck | Ttotal | Status | Flags |
|---|---|---|---|---|---|---|
| r-devel-linux-x86_64-debian-clang | 0.9.5 | 42.06 | 410.02 | 452.08 | OK | |
| r-devel-linux-x86_64-debian-gcc | 0.9.5 | 24.11 | 303.88 | 327.99 | OK | |
| r-devel-linux-x86_64-fedora-clang | 0.9.5 | 89.00 | 513.60 | 602.60 | OK | |
| r-devel-linux-x86_64-fedora-gcc | 0.9.5 | 65.00 | 654.55 | 719.55 | OK | |
| r-devel-windows-x86_64 | 0.9.5 | 48.00 | 401.00 | 449.00 | OK | |
| r-patched-linux-x86_64 | 0.9.5 | 39.28 | 398.86 | 438.14 | OK | |
| r-release-linux-x86_64 | 0.9.5 | 38.18 | 401.50 | 439.68 | OK | |
| r-release-macos-arm64 | 0.9.5 | 14.00 | 145.00 | 159.00 | OK | |
| r-release-macos-x86_64 | 0.9.5 | 17.00 | 270.00 | 287.00 | OK | |
| r-release-windows-x86_64 | 0.9.5 | 49.00 | 327.00 | 376.00 | OK | |
| r-oldrel-macos-arm64 | 0.9.5 | 16.00 | 144.00 | 160.00 | NOTE | |
| r-oldrel-macos-x86_64 | 0.9.5 | 16.00 | 281.00 | 297.00 | NOTE | |
| r-oldrel-windows-x86_64 | 0.9.5 | 58.00 | 548.00 | 606.00 | NOTE |
Version: 0.9.5
Check: installed package size
Result: NOTE
installed size is 5.7Mb
sub-directories of 1Mb or more:
doc 3.9Mb
libs 1.6Mb
Flavors: r-oldrel-macos-arm64, r-oldrel-macos-x86_64, r-oldrel-windows-x86_64
These binaries (installable software) and packages are in development.
They may not be fully stable and should be used with caution. We make no claims about them.