CRAN Package Check Results for Package RagGrid

Last updated on 2025-07-27 19:50:52 CEST.

Flavor Version Tinstall Tcheck Ttotal Status Flags
r-devel-linux-x86_64-debian-clang 0.2.0 2.42 24.31 26.73 OK
r-devel-linux-x86_64-debian-gcc 0.2.0 2.06 20.31 22.37 OK
r-devel-linux-x86_64-fedora-clang 0.2.0 39.80 NOTE
r-devel-linux-x86_64-fedora-gcc 0.2.0 38.18 NOTE
r-devel-windows-x86_64 0.2.0 5.00 43.00 48.00 OK
r-patched-linux-x86_64 0.2.0 2.43 21.92 24.35 OK
r-release-linux-x86_64 0.2.0 2.53 22.23 24.76 OK
r-release-macos-arm64 0.2.0 19.00 OK
r-release-macos-x86_64 0.2.0 42.00 OK
r-release-windows-x86_64 0.2.0 4.00 43.00 47.00 OK
r-oldrel-macos-arm64 0.2.0 18.00 OK
r-oldrel-macos-x86_64 0.2.0 37.00 OK
r-oldrel-windows-x86_64 0.2.0 5.00 48.00 53.00 OK

Check Details

Version: 0.2.0
Check: dependencies in R code
Result: NOTE Namespace in Imports field not imported from: ‘knitr’ All declared Imports should be used. Flavors: r-devel-linux-x86_64-fedora-clang, r-devel-linux-x86_64-fedora-gcc

These binaries (installable software) and packages are in development.
They may not be fully stable and should be used with caution. We make no claims about them.