Last updated on 2025-05-03 20:50:00 CEST.
Flavor | Version | Tinstall | Tcheck | Ttotal | Status | Flags |
---|---|---|---|---|---|---|
r-devel-linux-x86_64-debian-clang | 0.1.0 | 3.38 | 19.18 | 22.56 | NOTE | |
r-devel-linux-x86_64-debian-gcc | 0.1.0 | 2.51 | 15.76 | 18.27 | NOTE | |
r-devel-linux-x86_64-fedora-clang | 0.1.0 | 36.56 | OK | |||
r-devel-linux-x86_64-fedora-gcc | 0.1.0 | 35.72 | OK | |||
r-devel-windows-x86_64 | 0.1.0 | 4.00 | 36.00 | 40.00 | OK | |
r-patched-linux-x86_64 | 0.1.0 | 3.50 | 18.64 | 22.14 | OK | |
r-release-linux-x86_64 | OK | |||||
r-release-macos-arm64 | 0.1.0 | 16.00 | OK | |||
r-release-macos-x86_64 | 0.1.0 | 24.00 | OK | |||
r-release-windows-x86_64 | 0.1.0 | 4.00 | 36.00 | 40.00 | OK | |
r-oldrel-macos-arm64 | 0.1.0 | 18.00 | NOTE | |||
r-oldrel-macos-x86_64 | 0.1.0 | 22.00 | NOTE | |||
r-oldrel-windows-x86_64 | 0.1.0 | 4.00 | 35.00 | 39.00 | NOTE |
Version: 0.1.0
Check: CRAN incoming feasibility
Result: NOTE
Maintainer: ‘Lu Tian <lutian@stanford.edu>’
No Authors@R field in DESCRIPTION.
Please add one, modifying
Authors@R: c(person(given = "Grace",
family = "Deng",
role = "aut"),
person(given = "Lu",
family = "Tian",
role = c("aut", "cre"),
email = "lutian@stanford.edu"))
as necessary.
Flavors: r-devel-linux-x86_64-debian-clang, r-devel-linux-x86_64-debian-gcc
Version: 0.1.0
Check: LazyData
Result: NOTE
'LazyData' is specified without a 'data' directory
Flavors: r-oldrel-macos-arm64, r-oldrel-macos-x86_64, r-oldrel-windows-x86_64
These binaries (installable software) and packages are in development.
They may not be fully stable and should be used with caution. We make no claims about them.