Last updated on 2025-10-23 17:50:58 CEST.
| Flavor | Version | Tinstall | Tcheck | Ttotal | Status | Flags |
|---|---|---|---|---|---|---|
| r-devel-linux-x86_64-debian-clang | 0.2.2 | 14.92 | 117.03 | 131.95 | NOTE | |
| r-devel-linux-x86_64-debian-gcc | 0.2.2 | 11.47 | 80.77 | 92.24 | NOTE | |
| r-devel-linux-x86_64-fedora-clang | 0.2.2 | 38.00 | 163.31 | 201.31 | OK | |
| r-devel-linux-x86_64-fedora-gcc | 0.2.2 | 29.00 | 156.64 | 185.64 | OK | |
| r-devel-windows-x86_64 | 0.2.2 | 14.00 | 111.00 | 125.00 | OK | |
| r-patched-linux-x86_64 | 0.2.2 | 13.91 | 106.07 | 119.98 | OK | |
| r-release-linux-x86_64 | 0.2.2 | 12.84 | 107.92 | 120.76 | OK | |
| r-release-macos-arm64 | 0.2.2 | 6.00 | 44.00 | 50.00 | OK | |
| r-release-macos-x86_64 | 0.2.2 | 14.00 | 84.00 | 98.00 | OK | |
| r-release-windows-x86_64 | 0.2.2 | 15.00 | 107.00 | 122.00 | OK | |
| r-oldrel-macos-arm64 | 0.2.2 | 6.00 | 45.00 | 51.00 | NOTE | |
| r-oldrel-macos-x86_64 | 0.2.2 | 9.00 | 62.00 | 71.00 | NOTE | |
| r-oldrel-windows-x86_64 | 0.2.2 | 20.00 | 140.00 | 160.00 | NOTE |
Version: 0.2.2
Check: CRAN incoming feasibility
Result: NOTE
Maintainer: ‘Siddharth R <r.siddharthcse@gmail.com>’
No Authors@R field in DESCRIPTION.
Please add one, modifying
Authors@R: c(person(given = "Aghila",
family = "G",
role = "aut"),
person(given = "Siddharth",
family = "R",
role = c("aut", "cre"),
email = "r.siddharthcse@gmail.com"))
as necessary.
Flavors: r-devel-linux-x86_64-debian-clang, r-devel-linux-x86_64-debian-gcc
Version: 0.2.2
Check: LazyData
Result: NOTE
'LazyData' is specified without a 'data' directory
Flavors: r-oldrel-macos-arm64, r-oldrel-macos-x86_64, r-oldrel-windows-x86_64
These binaries (installable software) and packages are in development.
They may not be fully stable and should be used with caution. We make no claims about them.