Last updated on 2025-02-16 12:53:49 CET.
Flavor | Version | Tinstall | Tcheck | Ttotal | Status | Flags |
---|---|---|---|---|---|---|
r-devel-linux-x86_64-debian-clang | 2.3.4 | 3.72 | 33.14 | 36.86 | OK | |
r-devel-linux-x86_64-debian-gcc | 2.3.4 | 2.72 | 26.17 | 28.89 | OK | |
r-devel-linux-x86_64-fedora-clang | 2.3.4 | 60.76 | OK | |||
r-devel-linux-x86_64-fedora-gcc | 2.3.4 | 71.36 | OK | |||
r-devel-macos-arm64 | 2.3.4 | 31.00 | OK | |||
r-devel-macos-x86_64 | 2.3.4 | 59.00 | OK | |||
r-devel-windows-x86_64 | 2.3.4 | 5.00 | 53.00 | 58.00 | OK | |
r-patched-linux-x86_64 | 2.3.4 | 4.01 | 31.43 | 35.44 | NOTE | |
r-release-linux-x86_64 | 2.3.4 | 3.57 | 31.65 | 35.22 | NOTE | |
r-release-macos-arm64 | 2.3.4 | 29.00 | NOTE | |||
r-release-macos-x86_64 | 2.3.4 | 41.00 | NOTE | |||
r-release-windows-x86_64 | 2.3.4 | 6.00 | 53.00 | 59.00 | NOTE | |
r-oldrel-macos-arm64 | 2.3.4 | 32.00 | NOTE | |||
r-oldrel-macos-x86_64 | 2.3.4 | 44.00 | NOTE | |||
r-oldrel-windows-x86_64 | 2.3.4 | 8.00 | 55.00 | 63.00 | NOTE |
Version: 2.3.4
Check: LazyData
Result: NOTE
'LazyData' is specified without a 'data' directory
Flavors: r-patched-linux-x86_64, r-release-linux-x86_64, r-release-macos-arm64, r-release-macos-x86_64, r-release-windows-x86_64, r-oldrel-macos-arm64, r-oldrel-macos-x86_64, r-oldrel-windows-x86_64
These binaries (installable software) and packages are in development.
They may not be fully stable and should be used with caution. We make no claims about them.