CRAN Package Check Results for Package RankResponse

Last updated on 2025-05-08 04:52:15 CEST.

Flavor Version Tinstall Tcheck Ttotal Status Flags
r-devel-linux-x86_64-debian-clang 4.0.0 2.29 20.51 22.80 NOTE
r-devel-linux-x86_64-debian-gcc 4.0.0 1.65 16.60 18.25 NOTE
r-devel-linux-x86_64-fedora-clang 4.0.0 35.64 NOTE
r-devel-linux-x86_64-fedora-gcc 4.0.0 34.07 NOTE
r-devel-windows-x86_64 4.0.0 3.00 46.00 49.00 NOTE
r-patched-linux-x86_64 4.0.0 2.24 19.68 21.92 NOTE
r-release-linux-x86_64 4.0.0 2.11 19.85 21.96 NOTE
r-release-macos-arm64 4.0.0 16.00 NOTE
r-release-macos-x86_64 4.0.0 28.00 NOTE
r-release-windows-x86_64 4.0.0 3.00 47.00 50.00 NOTE
r-oldrel-macos-arm64 4.0.0 16.00 NOTE
r-oldrel-macos-x86_64 4.0.0 22.00 NOTE
r-oldrel-windows-x86_64 4.0.0 3.00 47.00 50.00 NOTE

Check Details

Version: 4.0.0
Check: CRAN incoming feasibility
Result: NOTE Maintainer: ‘Hsiuying Wang <wang@stat.nycu.edu.tw>’ No Authors@R field in DESCRIPTION. Please add one, modifying Authors@R: c(person(given = "Hsiuying", family = "Wang", role = c("aut", "cre"), email = "wang@stat.nycu.edu.tw"), person(given = "Yu-Chun", family = "Lin", role = "aut"), person(given = "Wan-Ting", family = "Huang", role = "aut")) as necessary. Flavors: r-devel-linux-x86_64-debian-clang, r-devel-linux-x86_64-debian-gcc

Version: 4.0.0
Check: Rd files
Result: NOTE checkRd: (-1) rankL2R.Rd:18: Lost braces; missing escapes or markup? 18 | where the vector dimension is 2^{response.number}.} | ^ Flavors: r-devel-linux-x86_64-debian-clang, r-devel-linux-x86_64-debian-gcc, r-devel-linux-x86_64-fedora-clang, r-devel-linux-x86_64-fedora-gcc, r-devel-windows-x86_64, r-patched-linux-x86_64, r-release-linux-x86_64, r-release-macos-arm64, r-release-macos-x86_64, r-release-windows-x86_64, r-oldrel-macos-arm64, r-oldrel-macos-x86_64, r-oldrel-windows-x86_64

These binaries (installable software) and packages are in development.
They may not be fully stable and should be used with caution. We make no claims about them.