Last updated on 2025-05-24 11:54:10 CEST.
Flavor | Version | Tinstall | Tcheck | Ttotal | Status | Flags |
---|---|---|---|---|---|---|
r-devel-linux-x86_64-debian-clang | 1.0.6 | 17.02 | 38.91 | 55.93 | NOTE | |
r-devel-linux-x86_64-debian-gcc | 1.0.6 | 12.37 | 29.18 | 41.55 | NOTE | |
r-devel-linux-x86_64-fedora-clang | 1.0.6 | 92.97 | NOTE | |||
r-devel-linux-x86_64-fedora-gcc | 1.0.6 | 92.40 | NOTE | |||
r-devel-windows-x86_64 | 1.0.6 | 24.00 | 89.00 | 113.00 | NOTE | |
r-patched-linux-x86_64 | 1.0.6 | 17.09 | 36.26 | 53.35 | NOTE | |
r-release-linux-x86_64 | 1.0.6 | 15.84 | 36.04 | 51.88 | NOTE | |
r-release-macos-arm64 | 1.0.6 | 40.00 | NOTE | |||
r-release-macos-x86_64 | 1.0.6 | 63.00 | NOTE | |||
r-release-windows-x86_64 | 1.0.6 | 24.00 | 116.00 | 140.00 | NOTE | |
r-oldrel-macos-arm64 | 1.0.6 | 43.00 | OK | |||
r-oldrel-macos-x86_64 | 1.0.6 | 59.00 | OK | |||
r-oldrel-windows-x86_64 | 1.0.6 | 27.00 | 99.00 | 126.00 | OK |
Version: 1.0.6
Check: DESCRIPTION meta-information
Result: NOTE
Missing dependency on R >= 4.1.0 because package code uses the pipe
|> or function shorthand \(...) syntax added in R 4.1.0.
File(s) using such syntax:
‘evds_table_api.R’ ‘excel_internal.R’ ‘request_funcs.R’
‘sp_df_utils.R’
Flavors: r-devel-linux-x86_64-debian-clang, r-devel-linux-x86_64-debian-gcc, r-devel-linux-x86_64-fedora-clang, r-devel-linux-x86_64-fedora-gcc, r-devel-windows-x86_64, r-patched-linux-x86_64, r-release-linux-x86_64, r-release-macos-arm64, r-release-macos-x86_64, r-release-windows-x86_64
These binaries (installable software) and packages are in development.
They may not be fully stable and should be used with caution. We make no claims about them.