CRAN Package Check Results for Package Raquifer

Last updated on 2025-02-02 14:48:32 CET.

Flavor Version Tinstall Tcheck Ttotal Status Flags
r-devel-linux-x86_64-debian-clang 0.1.0 6.00 53.42 59.42 OK
r-devel-linux-x86_64-debian-gcc 0.1.0 3.72 38.48 42.20 OK
r-devel-linux-x86_64-fedora-clang 0.1.0 96.35 OK
r-devel-linux-x86_64-fedora-gcc 0.1.0 102.28 OK
r-devel-windows-x86_64 0.1.0 8.00 65.00 73.00 OK
r-patched-linux-x86_64 0.1.0 5.79 48.66 54.45 NOTE
r-release-linux-x86_64 0.1.0 4.73 48.93 53.66 NOTE
r-release-macos-arm64 0.1.0 35.00 NOTE
r-release-macos-x86_64 0.1.0 51.00 NOTE
r-release-windows-x86_64 0.1.0 6.00 66.00 72.00 NOTE
r-oldrel-macos-arm64 0.1.0 37.00 NOTE
r-oldrel-macos-x86_64 0.1.0 52.00 NOTE
r-oldrel-windows-x86_64 0.1.0 8.00 79.00 87.00 NOTE

Check Details

Version: 0.1.0
Check: LazyData
Result: NOTE 'LazyData' is specified without a 'data' directory Flavors: r-patched-linux-x86_64, r-release-linux-x86_64, r-release-macos-arm64, r-release-macos-x86_64, r-release-windows-x86_64, r-oldrel-macos-arm64, r-oldrel-macos-x86_64, r-oldrel-windows-x86_64

These binaries (installable software) and packages are in development.
They may not be fully stable and should be used with caution. We make no claims about them.