CRAN Package Check Results for Package RationalMatrix

Last updated on 2025-02-23 13:51:22 CET.

Flavor Version Tinstall Tcheck Ttotal Status Flags
r-devel-linux-x86_64-debian-clang 1.0.0 29.16 22.96 52.12 OK
r-devel-linux-x86_64-debian-gcc 1.0.0 24.79 18.36 43.15 OK
r-devel-linux-x86_64-fedora-clang 1.0.0 100.84 OK
r-devel-linux-x86_64-fedora-gcc 1.0.0 106.25 OK
r-devel-macos-arm64 1.0.0 26.00 OK
r-devel-macos-x86_64 1.0.0 51.00 OK
r-devel-windows-x86_64 1.0.0 32.00 70.00 102.00 OK
r-patched-linux-x86_64 1.0.0 33.14 22.02 55.16 OK
r-release-linux-x86_64 1.0.0 34.09 22.08 56.17 OK
r-release-macos-arm64 1.0.0 28.00 NOTE
r-release-macos-x86_64 1.0.0 41.00 NOTE
r-release-windows-x86_64 1.0.0 32.00 70.00 102.00 OK
r-oldrel-macos-arm64 1.0.0 37.00 NOTE
r-oldrel-macos-x86_64 1.0.0 48.00 NOTE
r-oldrel-windows-x86_64 1.0.0 40.00 90.00 130.00 OK

Check Details

Version: 1.0.0
Check: installed package size
Result: NOTE installed size is 14.7Mb sub-directories of 1Mb or more: libs 14.6Mb Flavors: r-release-macos-arm64, r-release-macos-x86_64, r-oldrel-macos-arm64, r-oldrel-macos-x86_64

These binaries (installable software) and packages are in development.
They may not be fully stable and should be used with caution. We make no claims about them.