CRAN Package Check Results for Package Ravages

Last updated on 2025-05-21 21:49:27 CEST.

Flavor Version Tinstall Tcheck Ttotal Status Flags
r-devel-linux-x86_64-debian-clang 1.1.3 209.41 140.99 350.40 NOTE
r-devel-linux-x86_64-debian-gcc 1.1.3 159.68 106.93 266.61 NOTE
r-devel-linux-x86_64-fedora-clang 1.1.3 646.38 NOTE
r-devel-linux-x86_64-fedora-gcc 1.1.3 716.56 NOTE
r-devel-windows-x86_64 1.1.3 269.00 242.00 511.00 NOTE
r-patched-linux-x86_64 1.1.3 216.52 143.79 360.31 NOTE
r-release-linux-x86_64 1.1.3 214.64 145.98 360.62 NOTE
r-release-macos-arm64 1.1.3 160.00 NOTE
r-release-macos-x86_64 1.1.3 237.00 NOTE
r-release-windows-x86_64 1.1.3 254.00 264.00 518.00 NOTE
r-oldrel-macos-arm64 1.1.3 101.00 NOTE
r-oldrel-macos-x86_64 1.1.3 127.00 NOTE
r-oldrel-windows-x86_64 1.1.3 299.00 244.00 543.00 NOTE

Check Details

Version: 1.1.3
Check: CRAN incoming feasibility
Result: NOTE Maintainer: ‘Ozvan Bocher <bocherozvan@gmail.com>’ No Authors@R field in DESCRIPTION. Please add one, modifying Authors@R: c(person(given = "Ozvan", family = "Bocher", role = c("aut", "cre"), email = "bocherozvan@gmail.com"), person(given = "Hervé", family = "Perdry", role = "aut")) as necessary. Flavors: r-devel-linux-x86_64-debian-clang, r-devel-linux-x86_64-debian-gcc

Version: 1.1.3
Check: Rd files
Result: NOTE checkRd: (-1) rbm.haplos.power.Rd:35: Lost braces; missing escapes or markup? 35 | \item{simus.haplos}{ Which method to simulate the data, if \code{simus.haplos="freqs"}, {rbm.haplos.freqs()} is used, otherwise \code{rbm.haplos.thresholds()} is used.} | ^ Flavors: r-devel-linux-x86_64-debian-clang, r-devel-linux-x86_64-debian-gcc, r-devel-linux-x86_64-fedora-clang, r-devel-linux-x86_64-fedora-gcc, r-devel-windows-x86_64, r-patched-linux-x86_64, r-release-linux-x86_64, r-release-macos-arm64, r-release-macos-x86_64, r-release-windows-x86_64, r-oldrel-macos-arm64, r-oldrel-macos-x86_64, r-oldrel-windows-x86_64

Version: 1.1.3
Check: installed package size
Result: NOTE installed size is 21.7Mb sub-directories of 1Mb or more: data 4.5Mb libs 16.2Mb Flavors: r-oldrel-macos-arm64, r-oldrel-macos-x86_64, r-oldrel-windows-x86_64

These binaries (installable software) and packages are in development.
They may not be fully stable and should be used with caution. We make no claims about them.