Last updated on 2024-07-27 15:50:30 CEST.
Flavor | Version | Tinstall | Tcheck | Ttotal | Status | Flags |
---|---|---|---|---|---|---|
r-devel-linux-x86_64-debian-clang | 2.2.2 | 32.41 | 200.32 | 232.73 | OK | |
r-devel-linux-x86_64-debian-gcc | 2.2.2 | NOTE | ||||
r-devel-linux-x86_64-fedora-clang | 2.2.2 | 305.59 | OK | |||
r-devel-linux-x86_64-fedora-gcc | 2.2.2 | 309.66 | OK | |||
r-devel-windows-x86_64 | 2.2.2 | 31.00 | 202.00 | 233.00 | NOTE | |
r-patched-linux-x86_64 | 2.2.2 | OK | ||||
r-release-linux-x86_64 | 2.2.2 | 20.18 | 190.98 | 211.16 | OK | |
r-release-macos-arm64 | 2.2.2 | 79.00 | OK | |||
r-release-macos-x86_64 | 2.2.2 | 135.00 | OK | |||
r-release-windows-x86_64 | 2.2.2 | 32.00 | 174.00 | 206.00 | OK | |
r-oldrel-macos-arm64 | 2.2.2 | 90.00 | OK | |||
r-oldrel-macos-x86_64 | 2.2.2 | 173.00 | OK | |||
r-oldrel-windows-x86_64 | 2.2.2 | 40.00 | 227.00 | 267.00 | OK |
Version: 2.2.2
Check: Rd cross-references
Result: NOTE
Found the following Rd file(s) with Rd \link{} targets missing package
anchors:
cmax.Rd: apply.yearly, apply.monthly
rvn_rvi_process_diagrammer.Rd: render_graph
rvn_write_Raven_table.Rd: write.fwf
rvn_wyear_indices.Rd: endpoints
Please provide package anchors for all Rd \link{} targets not in the
package itself and the base packages.
Flavors: r-devel-linux-x86_64-debian-gcc, r-devel-windows-x86_64
These binaries (installable software) and packages are in development.
They may not be fully stable and should be used with caution. We make no claims about them.