Last updated on 2025-05-21 21:49:27 CEST.
Flavor | Version | Tinstall | Tcheck | Ttotal | Status | Flags |
---|---|---|---|---|---|---|
r-devel-linux-x86_64-debian-clang | 0.3.16 | 86.47 | 31.97 | 118.44 | OK | |
r-devel-linux-x86_64-debian-gcc | 0.3.16 | 66.87 | 25.12 | 91.99 | OK | |
r-devel-linux-x86_64-fedora-clang | 0.3.16 | 220.44 | OK | |||
r-devel-linux-x86_64-fedora-gcc | 0.3.16 | 272.14 | OK | |||
r-devel-windows-x86_64 | 0.3.16 | 107.00 | 181.00 | 288.00 | OK | |
r-patched-linux-x86_64 | 0.3.16 | 96.15 | 28.98 | 125.13 | OK | |
r-release-linux-x86_64 | 0.3.16 | 97.03 | 29.18 | 126.21 | OK | |
r-release-macos-arm64 | 0.3.16 | 77.00 | OK | |||
r-release-macos-x86_64 | 0.3.16 | 76.00 | OK | |||
r-release-windows-x86_64 | 0.3.16 | 102.00 | 202.00 | 304.00 | OK | |
r-oldrel-macos-arm64 | 0.3.16 | 80.00 | NOTE | |||
r-oldrel-macos-x86_64 | 0.3.16 | 128.00 | OK | |||
r-oldrel-windows-x86_64 | 0.3.16 | 100.00 | 245.00 | 345.00 | NOTE |
Version: 0.3.16
Check: installed package size
Result: NOTE
installed size is 27.2Mb
sub-directories of 1Mb or more:
blp 20.1Mb
libs 5.9Mb
Flavors: r-oldrel-macos-arm64, r-oldrel-windows-x86_64
These binaries (installable software) and packages are in development.
They may not be fully stable and should be used with caution. We make no claims about them.