Last updated on 2025-02-16 10:50:56 CET.
Flavor | Version | Tinstall | Tcheck | Ttotal | Status | Flags |
---|---|---|---|---|---|---|
r-devel-linux-x86_64-debian-clang | 0.3.15 | 87.99 | 29.41 | 117.40 | OK | |
r-devel-linux-x86_64-debian-gcc | 0.3.15 | 68.43 | 22.88 | 91.31 | OK | |
r-devel-linux-x86_64-fedora-clang | 0.3.15 | 229.29 | OK | |||
r-devel-linux-x86_64-fedora-gcc | 0.3.15 | 263.83 | OK | |||
r-devel-macos-arm64 | 0.3.15 | 57.00 | OK | |||
r-devel-macos-x86_64 | 0.3.15 | 36.00 | ERROR | |||
r-devel-windows-x86_64 | 0.3.15 | 109.00 | 195.00 | 304.00 | OK | |
r-patched-linux-x86_64 | 0.3.15 | 97.96 | 27.92 | 125.88 | OK | |
r-release-linux-x86_64 | 0.3.15 | 99.74 | 28.23 | 127.97 | OK | |
r-release-macos-arm64 | 0.3.15 | 76.00 | NOTE | |||
r-release-macos-x86_64 | 0.3.15 | 42.00 | ERROR | |||
r-release-windows-x86_64 | 0.3.15 | 96.00 | 193.00 | 289.00 | NOTE | |
r-oldrel-macos-arm64 | 0.3.15 | 71.00 | NOTE | |||
r-oldrel-macos-x86_64 | 0.3.15 | 43.00 | ERROR | |||
r-oldrel-windows-x86_64 | 0.3.15 | 94.00 | 253.00 | 347.00 | NOTE |
Version: 0.3.15
Check: whether package can be installed
Result: ERROR
Installation failed.
Flavors: r-devel-macos-x86_64, r-release-macos-x86_64, r-oldrel-macos-x86_64
Version: 0.3.15
Check: installed package size
Result: NOTE
installed size is 27.2Mb
sub-directories of 1Mb or more:
blp 20.1Mb
libs 5.9Mb
Flavors: r-release-macos-arm64, r-release-windows-x86_64, r-oldrel-macos-arm64, r-oldrel-windows-x86_64
These binaries (installable software) and packages are in development.
They may not be fully stable and should be used with caution. We make no claims about them.