CRAN Package Check Results for Package Rblpapi

Last updated on 2025-10-23 11:50:24 CEST.

Flavor Version Tinstall Tcheck Ttotal Status Flags
r-devel-linux-x86_64-debian-clang 0.3.16 84.52 33.91 118.43 OK
r-devel-linux-x86_64-debian-gcc 0.3.16 64.45 26.13 90.58 OK
r-devel-linux-x86_64-fedora-clang 0.3.16 179.00 41.75 220.75 OK
r-devel-linux-x86_64-fedora-gcc 0.3.16 166.00 72.73 238.73 OK
r-devel-windows-x86_64 0.3.16 108.00 178.00 286.00 OK
r-patched-linux-x86_64 0.3.16 99.00 30.68 129.68 OK
r-release-linux-x86_64 0.3.16 95.17 30.65 125.82 OK
r-release-macos-arm64 0.3.16 42.00 35.00 77.00 OK
r-release-macos-x86_64 0.3.16 16.00 60.00 76.00 OK
r-release-windows-x86_64 0.3.16 102.00 201.00 303.00 OK
r-oldrel-macos-arm64 0.3.16 41.00 39.00 80.00 NOTE
r-oldrel-macos-x86_64 0.3.16 24.00 104.00 128.00 OK
r-oldrel-windows-x86_64 0.3.16 102.00 230.00 332.00 NOTE

Additional issues

musl

Check Details

Version: 0.3.16
Check: installed package size
Result: NOTE installed size is 27.2Mb sub-directories of 1Mb or more: blp 20.1Mb libs 5.9Mb Flavors: r-oldrel-macos-arm64, r-oldrel-windows-x86_64

These binaries (installable software) and packages are in development.
They may not be fully stable and should be used with caution. We make no claims about them.