Last updated on 2025-07-26 01:51:01 CEST.
Flavor | Version | Tinstall | Tcheck | Ttotal | Status | Flags |
---|---|---|---|---|---|---|
r-devel-linux-x86_64-debian-clang | 0.3.16 | 88.58 | 32.69 | 121.27 | OK | |
r-devel-linux-x86_64-debian-gcc | 0.3.16 | 68.32 | 25.66 | 93.98 | OK | |
r-devel-linux-x86_64-fedora-clang | 0.3.16 | 217.00 | OK | |||
r-devel-linux-x86_64-fedora-gcc | 0.3.16 | 236.32 | OK | |||
r-devel-windows-x86_64 | 0.3.16 | 105.00 | 210.00 | 315.00 | OK | |
r-patched-linux-x86_64 | 0.3.16 | 98.31 | 29.09 | 127.40 | OK | |
r-release-linux-x86_64 | 0.3.16 | 98.97 | 29.00 | 127.97 | OK | |
r-release-macos-arm64 | 0.3.16 | 77.00 | OK | |||
r-release-macos-x86_64 | 0.3.16 | 76.00 | OK | |||
r-release-windows-x86_64 | 0.3.16 | 99.00 | 224.00 | 323.00 | OK | |
r-oldrel-macos-arm64 | 0.3.16 | 80.00 | NOTE | |||
r-oldrel-macos-x86_64 | 0.3.16 | 128.00 | OK | |||
r-oldrel-windows-x86_64 | 0.3.16 | 96.00 | 243.00 | 339.00 | NOTE |
Version: 0.3.16
Check: installed package size
Result: NOTE
installed size is 27.2Mb
sub-directories of 1Mb or more:
blp 20.1Mb
libs 5.9Mb
Flavors: r-oldrel-macos-arm64, r-oldrel-windows-x86_64
These binaries (installable software) and packages are in development.
They may not be fully stable and should be used with caution. We make no claims about them.