CRAN Package Check Results for Package Rborist

Last updated on 2025-10-23 19:50:28 CEST.

Flavor Version Tinstall Tcheck Ttotal Status Flags
r-devel-linux-x86_64-debian-clang 0.3-11 185.89 35.53 221.42 OK
r-devel-linux-x86_64-debian-gcc 0.3-11 122.64 27.72 150.36 OK
r-devel-linux-x86_64-fedora-clang 0.3-11 600.00 -105.46 494.54 OK
r-devel-linux-x86_64-fedora-gcc 0.3-11 421.00 -6.33 414.67 OK
r-devel-windows-x86_64 0.3-11 212.00 84.00 296.00 OK
r-patched-linux-x86_64 0.3-11 183.99 33.67 217.66 OK
r-release-linux-x86_64 0.3-11 180.64 33.84 214.48 OK
r-release-macos-arm64 0.3-11 62.00 28.00 90.00 OK
r-release-macos-x86_64 0.3-11 50.00 49.00 99.00 OK
r-release-windows-x86_64 0.3-11 207.00 89.00 296.00 OK
r-oldrel-macos-arm64 0.3-11 62.00 32.00 94.00 NOTE
r-oldrel-macos-x86_64 0.3-11 71.00 68.00 139.00 NOTE
r-oldrel-windows-x86_64 0.3-11 215.00 102.00 317.00 OK

Check Details

Version: 0.3-11
Check: installed package size
Result: NOTE installed size is 14.3Mb sub-directories of 1Mb or more: libs 14.0Mb Flavors: r-oldrel-macos-arm64, r-oldrel-macos-x86_64

These binaries (installable software) and packages are in development.
They may not be fully stable and should be used with caution. We make no claims about them.