CRAN Package Check Results for Package Rborist

Last updated on 2025-07-26 21:50:02 CEST.

Flavor Version Tinstall Tcheck Ttotal Status Flags
r-devel-linux-x86_64-debian-clang 0.3-11 190.95 34.28 225.23 OK
r-devel-linux-x86_64-debian-gcc 0.3-11 132.74 26.81 159.55 OK
r-devel-linux-x86_64-fedora-clang 0.3-11 475.02 OK
r-devel-linux-x86_64-fedora-gcc 0.3-11 412.68 OK
r-devel-windows-x86_64 0.3-11 210.00 90.00 300.00 OK
r-patched-linux-x86_64 0.3-11 186.44 32.28 218.72 OK
r-release-linux-x86_64 0.3-11 181.65 32.42 214.07 OK
r-release-macos-arm64 0.3-11 90.00 OK
r-release-macos-x86_64 0.3-11 99.00 OK
r-release-windows-x86_64 0.3-11 211.00 87.00 298.00 OK
r-oldrel-macos-arm64 0.3-11 94.00 NOTE
r-oldrel-macos-x86_64 0.3-11 139.00 NOTE
r-oldrel-windows-x86_64 0.3-11 203.00 99.00 302.00 OK

Check Details

Version: 0.3-11
Check: installed package size
Result: NOTE installed size is 14.3Mb sub-directories of 1Mb or more: libs 14.0Mb Flavors: r-oldrel-macos-arm64, r-oldrel-macos-x86_64

These binaries (installable software) and packages are in development.
They may not be fully stable and should be used with caution. We make no claims about them.