Last updated on 2025-02-16 10:50:56 CET.
Flavor | Version | Tinstall | Tcheck | Ttotal | Status | Flags |
---|---|---|---|---|---|---|
r-devel-linux-x86_64-debian-clang | 0.2.3 | 17.68 | 31.31 | 48.99 | OK | |
r-devel-linux-x86_64-debian-gcc | 0.2.3 | 12.99 | 24.36 | 37.35 | OK | |
r-devel-linux-x86_64-fedora-clang | 0.2.3 | 83.96 | NOTE | |||
r-devel-linux-x86_64-fedora-gcc | 0.2.3 | 96.46 | NOTE | |||
r-devel-macos-arm64 | 0.2.3 | 34.00 | OK | |||
r-devel-macos-x86_64 | 0.2.3 | 58.00 | OK | |||
r-devel-windows-x86_64 | 0.2.3 | 28.00 | 91.00 | 119.00 | OK | |
r-patched-linux-x86_64 | 0.2.3 | 17.72 | 29.95 | 47.67 | OK | |
r-release-linux-x86_64 | 0.2.3 | 17.49 | 29.94 | 47.43 | OK | |
r-release-macos-arm64 | 0.2.3 | 50.00 | OK | |||
r-release-macos-x86_64 | 0.2.3 | 81.00 | OK | |||
r-release-windows-x86_64 | 0.2.3 | 26.00 | 86.00 | 112.00 | OK | |
r-oldrel-macos-arm64 | 0.2.3 | 51.00 | OK | |||
r-oldrel-macos-x86_64 | 0.2.3 | 79.00 | OK | |||
r-oldrel-windows-x86_64 | 0.2.3 | 29.00 | 88.00 | 117.00 | OK |
Version: 0.2.3
Check: dependencies in R code
Result: NOTE
Namespace in Imports field not imported from: ‘stats’
All declared Imports should be used.
Flavors: r-devel-linux-x86_64-fedora-clang, r-devel-linux-x86_64-fedora-gcc
These binaries (installable software) and packages are in development.
They may not be fully stable and should be used with caution. We make no claims about them.