CRAN Package Check Results for Package Rcatch22

Last updated on 2025-07-26 21:50:02 CEST.

Flavor Version Tinstall Tcheck Ttotal Status Flags
r-devel-linux-x86_64-debian-clang 0.2.3 17.87 33.32 51.19 OK
r-devel-linux-x86_64-debian-gcc 0.2.3 13.28 26.61 39.89 OK
r-devel-linux-x86_64-fedora-clang 0.2.3 82.05 NOTE
r-devel-linux-x86_64-fedora-gcc 0.2.3 93.82 NOTE
r-devel-windows-x86_64 0.2.3 33.00 82.00 115.00 OK
r-patched-linux-x86_64 0.2.3 18.41 31.02 49.43 OK
r-release-linux-x86_64 0.2.3 18.19 30.86 49.05 OK
r-release-macos-arm64 0.2.3 39.00 OK
r-release-macos-x86_64 0.2.3 65.00 OK
r-release-windows-x86_64 0.2.3 28.00 80.00 108.00 OK
r-oldrel-macos-arm64 0.2.3 50.00 OK
r-oldrel-macos-x86_64 0.2.3 81.00 OK
r-oldrel-windows-x86_64 0.2.3 32.00 94.00 126.00 OK

Check Details

Version: 0.2.3
Check: dependencies in R code
Result: NOTE Namespace in Imports field not imported from: ‘stats’ All declared Imports should be used. Flavors: r-devel-linux-x86_64-fedora-clang, r-devel-linux-x86_64-fedora-gcc

These binaries (installable software) and packages are in development.
They may not be fully stable and should be used with caution. We make no claims about them.