CRAN Package Check Results for Package RcextTools

Last updated on 2025-02-16 10:50:56 CET.

Flavor Version Tinstall Tcheck Ttotal Status Flags
r-devel-linux-x86_64-debian-clang 0.1.1 6.52 38.49 45.01 NOTE
r-devel-linux-x86_64-debian-gcc 0.1.1 4.09 28.53 32.62 NOTE
r-devel-linux-x86_64-fedora-clang 0.1.1 72.88 NOTE
r-devel-linux-x86_64-fedora-gcc 0.1.1 67.12 NOTE
r-devel-macos-arm64 0.1.1 25.00 NOTE
r-devel-macos-x86_64 0.1.1 50.00 NOTE
r-devel-windows-x86_64 0.1.1 8.00 59.00 67.00 NOTE
r-patched-linux-x86_64 0.1.1 6.56 35.70 42.26 NOTE
r-release-linux-x86_64 0.1.1 5.22 35.46 40.68 NOTE
r-release-macos-arm64 0.1.1 25.00 NOTE
r-release-macos-x86_64 0.1.1 36.00 NOTE
r-release-windows-x86_64 0.1.1 8.00 60.00 68.00 NOTE
r-oldrel-macos-arm64 0.1.1 24.00 OK
r-oldrel-macos-x86_64 0.1.1 38.00 OK
r-oldrel-windows-x86_64 0.1.1 9.00 68.00 77.00 OK

Check Details

Version: 0.1.1
Check: Rd files
Result: NOTE checkRd: (-1) contratos.Rd:23: Lost braces in \itemize; meant \describe ? checkRd: (-1) contratos.Rd:24: Lost braces in \itemize; meant \describe ? checkRd: (-1) contratos.Rd:25: Lost braces in \itemize; meant \describe ? checkRd: (-1) contratos.Rd:26: Lost braces in \itemize; meant \describe ? checkRd: (-1) contratos.Rd:27: Lost braces in \itemize; meant \describe ? checkRd: (-1) contratos.Rd:28: Lost braces in \itemize; meant \describe ? checkRd: (-1) contratos.Rd:29: Lost braces in \itemize; meant \describe ? checkRd: (-1) contratos.Rd:30: Lost braces in \itemize; meant \describe ? checkRd: (-1) contratos.Rd:31: Lost braces in \itemize; meant \describe ? checkRd: (-1) contratos.Rd:32: Lost braces in \itemize; meant \describe ? checkRd: (-1) contratos.Rd:33: Lost braces in \itemize; meant \describe ? checkRd: (-1) contratos.Rd:34: Lost braces in \itemize; meant \describe ? checkRd: (-1) contratos.Rd:35: Lost braces in \itemize; meant \describe ? checkRd: (-1) contratos.Rd:36: Lost braces in \itemize; meant \describe ? checkRd: (-1) contratos.Rd:37: Lost braces in \itemize; meant \describe ? checkRd: (-1) licitacoes.Rd:21: Lost braces in \itemize; meant \describe ? checkRd: (-1) licitacoes.Rd:22: Lost braces in \itemize; meant \describe ? checkRd: (-1) licitacoes.Rd:23: Lost braces in \itemize; meant \describe ? checkRd: (-1) licitacoes.Rd:24: Lost braces in \itemize; meant \describe ? checkRd: (-1) licitacoes.Rd:25: Lost braces in \itemize; meant \describe ? checkRd: (-1) licitacoes.Rd:26: Lost braces in \itemize; meant \describe ? checkRd: (-1) licitacoes.Rd:27: Lost braces in \itemize; meant \describe ? checkRd: (-1) licitacoes.Rd:28: Lost braces in \itemize; meant \describe ? checkRd: (-1) licitacoes.Rd:29: Lost braces in \itemize; meant \describe ? checkRd: (-1) licitacoes.Rd:30: Lost braces in \itemize; meant \describe ? checkRd: (-1) part_lic.Rd:23: Lost braces in \itemize; meant \describe ? checkRd: (-1) part_lic.Rd:24: Lost braces in \itemize; meant \describe ? checkRd: (-1) part_lic.Rd:25: Lost braces in \itemize; meant \describe ? checkRd: (-1) part_lic.Rd:26: Lost braces in \itemize; meant \describe ? checkRd: (-1) part_lic.Rd:27: Lost braces in \itemize; meant \describe ? checkRd: (-1) part_lic.Rd:28: Lost braces in \itemize; meant \describe ? checkRd: (-1) part_lic.Rd:29: Lost braces in \itemize; meant \describe ? checkRd: (-1) part_lic.Rd:30: Lost braces in \itemize; meant \describe ? checkRd: (-1) part_lic.Rd:31: Lost braces in \itemize; meant \describe ? checkRd: (-1) part_lic.Rd:32: Lost braces in \itemize; meant \describe ? checkRd: (-1) part_lic.Rd:33: Lost braces in \itemize; meant \describe ? checkRd: (-1) part_lic.Rd:34: Lost braces in \itemize; meant \describe ? checkRd: (-1) part_lic.Rd:35: Lost braces in \itemize; meant \describe ? Flavors: r-devel-linux-x86_64-debian-clang, r-devel-linux-x86_64-debian-gcc, r-devel-linux-x86_64-fedora-clang, r-devel-linux-x86_64-fedora-gcc, r-devel-macos-arm64, r-devel-macos-x86_64, r-devel-windows-x86_64, r-patched-linux-x86_64, r-release-linux-x86_64, r-release-macos-arm64, r-release-macos-x86_64, r-release-windows-x86_64

These binaries (installable software) and packages are in development.
They may not be fully stable and should be used with caution. We make no claims about them.