Last updated on 2025-05-01 14:49:19 CEST.
Flavor | Version | Tinstall | Tcheck | Ttotal | Status | Flags |
---|---|---|---|---|---|---|
r-devel-linux-x86_64-debian-clang | 0.3-6 | 15.13 | 122.64 | 137.77 | NOTE | |
r-devel-linux-x86_64-debian-gcc | 0.3-6 | 11.73 | 83.16 | 94.89 | NOTE | |
r-devel-linux-x86_64-fedora-clang | 0.3-6 | 227.44 | NOTE | |||
r-devel-linux-x86_64-fedora-gcc | 0.3-6 | 203.07 | NOTE | |||
r-devel-windows-x86_64 | 0.3-6 | 17.00 | 115.00 | 132.00 | NOTE | |
r-patched-linux-x86_64 | 0.3-6 | 14.79 | 113.10 | 127.89 | NOTE | |
r-release-linux-x86_64 | NOTE | |||||
r-release-macos-arm64 | 0.3-6 | 61.00 | NOTE | |||
r-release-macos-x86_64 | 0.3-6 | 115.00 | NOTE | |||
r-release-windows-x86_64 | 0.3-6 | 17.00 | 115.00 | 132.00 | NOTE | |
r-oldrel-macos-arm64 | 0.3-6 | 48.00 | NOTE | |||
r-oldrel-macos-x86_64 | 0.3-6 | 78.00 | NOTE | |||
r-oldrel-windows-x86_64 | 0.3-6 | 20.00 | 151.00 | 171.00 | NOTE |
Version: 0.3-6
Check: Rd files
Result: NOTE
checkRd: (-1) Rchoice.Rd:159: Lost braces; missing escapes or markup?
159 | \code{ranp}. If the parameters are assumed to be normally distributed \eqn{\beta_i ~ N(\beta, \Sigma)}, then the random parameter are constructed as: \deqn{\beta_{ir}=\beta+L\omega_{ir}} where \eqn{LL'=\Sigma} and \eqn{\omega_{ir}} is the {r}-th draw from standard normal distribution for individual \eqn{i}.
| ^
Flavors: r-devel-linux-x86_64-debian-clang, r-devel-linux-x86_64-debian-gcc, r-devel-linux-x86_64-fedora-clang, r-devel-linux-x86_64-fedora-gcc, r-devel-windows-x86_64, r-patched-linux-x86_64, r-release-linux-x86_64, r-release-macos-arm64, r-release-macos-x86_64, r-release-windows-x86_64, r-oldrel-macos-arm64, r-oldrel-macos-x86_64, r-oldrel-windows-x86_64
These binaries (installable software) and packages are in development.
They may not be fully stable and should be used with caution. We make no claims about them.