Last updated on 2025-05-01 08:52:43 CEST.
Flavor | Version | Tinstall | Tcheck | Ttotal | Status | Flags |
---|---|---|---|---|---|---|
r-devel-linux-x86_64-debian-clang | 0.91.6 | 23.64 | 169.61 | 193.25 | NOTE | |
r-devel-linux-x86_64-debian-gcc | 0.91.6 | 17.30 | 122.70 | 140.00 | NOTE | |
r-devel-linux-x86_64-fedora-clang | 0.91.6 | 304.92 | OK | |||
r-devel-linux-x86_64-fedora-gcc | 0.91.6 | 297.83 | OK | |||
r-devel-windows-x86_64 | 0.91.6 | 25.00 | 268.00 | 293.00 | OK | |
r-patched-linux-x86_64 | 0.91.6 | 23.63 | 158.82 | 182.45 | OK | |
r-release-linux-x86_64 | OK | |||||
r-release-macos-arm64 | 0.91.6 | 150.00 | OK | |||
r-release-macos-x86_64 | 0.91.6 | 201.00 | OK | |||
r-release-windows-x86_64 | 0.91.6 | 25.00 | 261.00 | 286.00 | OK | |
r-oldrel-macos-arm64 | 0.91.6 | 132.00 | OK | |||
r-oldrel-macos-x86_64 | 0.91.6 | 131.00 | OK | |||
r-oldrel-windows-x86_64 | 0.91.6 | 29.00 | 227.00 | 256.00 | OK |
Version: 0.91.6
Check: CRAN incoming feasibility
Result: NOTE
Maintainer: ‘Pierre-Alexandre Hebert <hebert@univ-littoral.fr>’
The URL field contains the following bad parts:
mawenzi.univ-littoral.fr/RclusTool
The URL field should be a list of URLs separated by commas or
whitespace.
Flavors: r-devel-linux-x86_64-debian-clang, r-devel-linux-x86_64-debian-gcc
These binaries (installable software) and packages are in development.
They may not be fully stable and should be used with caution. We make no claims about them.