Last updated on 2025-07-25 19:49:52 CEST.
Flavor | Version | Tinstall | Tcheck | Ttotal | Status | Flags |
---|---|---|---|---|---|---|
r-devel-linux-x86_64-debian-clang | 2.9-5 | 38.88 | 236.24 | 275.12 | OK | |
r-devel-linux-x86_64-debian-gcc | 2.9-5 | 26.25 | 172.26 | 198.51 | OK | |
r-devel-linux-x86_64-fedora-clang | 2.9-5 | 444.46 | OK | |||
r-devel-linux-x86_64-fedora-gcc | 2.9-5 | 428.65 | OK | |||
r-devel-windows-x86_64 | 2.9-5 | 41.00 | 251.00 | 292.00 | OK | |
r-patched-linux-x86_64 | 2.9-5 | 42.01 | 234.73 | 276.74 | OK | |
r-release-linux-x86_64 | 2.9-5 | 42.04 | 237.25 | 279.29 | OK | |
r-release-macos-arm64 | 2.9-5 | 183.00 | OK | |||
r-release-macos-x86_64 | 2.9-5 | 265.00 | OK | |||
r-release-windows-x86_64 | 2.9-5 | 41.00 | 236.00 | 277.00 | OK | |
r-oldrel-macos-arm64 | 2.9-5 | 116.00 | NOTE | |||
r-oldrel-macos-x86_64 | 2.9-5 | 185.00 | NOTE | |||
r-oldrel-windows-x86_64 | 2.9-5 | 50.00 | 276.00 | 326.00 | NOTE |
Version: 2.9-5
Check: installed package size
Result: NOTE
installed size is 9.6Mb
sub-directories of 1Mb or more:
R 2.0Mb
doc 4.5Mb
po 2.4Mb
Flavors: r-oldrel-macos-arm64, r-oldrel-macos-x86_64, r-oldrel-windows-x86_64
These binaries (installable software) and packages are in development.
They may not be fully stable and should be used with caution. We make no claims about them.