Last updated on 2025-05-08 04:52:15 CEST.
Flavor | Version | Tinstall | Tcheck | Ttotal | Status | Flags |
---|---|---|---|---|---|---|
r-devel-linux-x86_64-debian-clang | 2.9-5 | 45.16 | 248.23 | 293.39 | OK | |
r-devel-linux-x86_64-debian-gcc | 2.9-5 | 30.39 | 177.42 | 207.81 | OK | |
r-devel-linux-x86_64-fedora-clang | 2.9-5 | 510.50 | OK | |||
r-devel-linux-x86_64-fedora-gcc | 2.9-5 | 494.49 | OK | |||
r-devel-windows-x86_64 | 2.9-5 | 40.00 | 387.00 | 427.00 | OK | |
r-patched-linux-x86_64 | 2.9-5 | 42.50 | 236.76 | 279.26 | OK | |
r-release-linux-x86_64 | 2.9-5 | 43.00 | 235.74 | 278.74 | OK | |
r-release-macos-arm64 | 2.9-5 | 183.00 | OK | |||
r-release-macos-x86_64 | 2.9-5 | 265.00 | OK | |||
r-release-windows-x86_64 | 2.9-5 | 36.00 | 234.00 | 270.00 | OK | |
r-oldrel-macos-arm64 | 2.9-5 | 116.00 | NOTE | |||
r-oldrel-macos-x86_64 | 2.9-5 | 185.00 | NOTE | |||
r-oldrel-windows-x86_64 | 2.9-5 | 52.00 | 283.00 | 335.00 | NOTE |
Version: 2.9-5
Check: installed package size
Result: NOTE
installed size is 9.6Mb
sub-directories of 1Mb or more:
R 2.0Mb
doc 4.5Mb
po 2.4Mb
Flavors: r-oldrel-macos-arm64, r-oldrel-macos-x86_64, r-oldrel-windows-x86_64
These binaries (installable software) and packages are in development.
They may not be fully stable and should be used with caution. We make no claims about them.