CRAN Package Check Results for Package RcmdrPlugin.BWS3

Last updated on 2025-02-16 10:50:56 CET.

Flavor Version Tinstall Tcheck Ttotal Status Flags
r-devel-linux-x86_64-debian-clang 0.2-3 18.71 131.66 150.37 NOTE
r-devel-linux-x86_64-debian-gcc 0.2-3 13.15 97.49 110.64 NOTE
r-devel-linux-x86_64-fedora-clang 0.2-3 258.08 OK
r-devel-linux-x86_64-fedora-gcc 0.2-3 238.68 OK
r-devel-macos-arm64 0.2-3 91.00 OK
r-devel-macos-x86_64 0.2-3 146.00 OK
r-devel-windows-x86_64 0.2-3 25.00 200.00 225.00 NOTE
r-patched-linux-x86_64 0.2-3 23.03 121.26 144.29 OK
r-release-linux-x86_64 0.2-3 17.56 121.80 139.36 OK
r-release-macos-arm64 0.2-3 86.00 OK
r-release-macos-x86_64 0.2-3 111.00 OK
r-release-windows-x86_64 0.2-3 25.00 185.00 210.00 OK
r-oldrel-macos-arm64 0.2-3 71.00 OK
r-oldrel-macos-x86_64 0.2-3 242.00 OK
r-oldrel-windows-x86_64 0.2-3 24.00 161.00 185.00 OK

Check Details

Version: 0.2-3
Check: Rd cross-references
Result: NOTE Found the following Rd file(s) with Rd \link{} targets missing package anchors: RcmdrPlugin.BWS3-package.Rd: support.BWS3, support.CEs, Rcmdr Please provide package anchors for all Rd \link{} targets not in the package itself and the base packages. Flavors: r-devel-linux-x86_64-debian-clang, r-devel-linux-x86_64-debian-gcc, r-devel-windows-x86_64

These binaries (installable software) and packages are in development.
They may not be fully stable and should be used with caution. We make no claims about them.