Last updated on 2025-10-23 21:51:38 CEST.
Flavor | Version | Tinstall | Tcheck | Ttotal | Status | Flags |
---|---|---|---|---|---|---|
r-devel-linux-x86_64-debian-clang | 1.68 | 40.96 | 218.60 | 259.56 | NOTE | |
r-devel-linux-x86_64-debian-gcc | 1.68 | 30.14 | 151.98 | 182.12 | NOTE | |
r-devel-linux-x86_64-fedora-clang | 1.68 | 159.00 | 273.76 | 432.76 | NOTE | |
r-devel-linux-x86_64-fedora-gcc | 1.68 | 171.00 | 242.35 | 413.35 | NOTE | |
r-devel-windows-x86_64 | 1.68 | 59.00 | 326.00 | 385.00 | OK | |
r-patched-linux-x86_64 | 1.68 | 49.37 | 224.92 | 274.29 | OK | |
r-release-linux-x86_64 | 1.68 | 49.29 | 227.45 | 276.74 | OK | |
r-release-macos-arm64 | 1.68 | 39.00 | 127.00 | 166.00 | OK | |
r-release-macos-x86_64 | 1.68 | 45.00 | 172.00 | 217.00 | OK | |
r-release-windows-x86_64 | 1.68 | 59.00 | 277.00 | 336.00 | OK | |
r-oldrel-macos-arm64 | 1.68 | 52.00 | 50.00 | 102.00 | OK | |
r-oldrel-macos-x86_64 | 1.68 | 70.00 | 102.00 | 172.00 | OK | |
r-oldrel-windows-x86_64 | 1.68 | 56.00 | 234.00 | 290.00 | OK |
Version: 1.68
Check: CRAN incoming feasibility
Result: NOTE
Maintainer: ‘Yoshinobu Kanda <ycanda-tky@umin.ac.jp>’
No Authors@R field in DESCRIPTION.
Please add one, modifying
Authors@R: person(given = "Yoshinobu",
family = "Kanda",
role = c("aut", "cre"),
email = "ycanda-tky@umin.ac.jp")
as necessary.
Flavors: r-devel-linux-x86_64-debian-clang, r-devel-linux-x86_64-debian-gcc
Version: 1.68
Check: Rd files
Result: NOTE
checkRd: (-1) EZR.Rd:101-107: Only 2 columns allowed in this table (row 6 has 1)
Flavors: r-devel-linux-x86_64-debian-gcc, r-devel-linux-x86_64-fedora-clang, r-devel-linux-x86_64-fedora-gcc
These binaries (installable software) and packages are in development.
They may not be fully stable and should be used with caution. We make no claims about them.