Last updated on 2025-05-01 15:49:41 CEST.
Flavor | Version | Tinstall | Tcheck | Ttotal | Status | Flags |
---|---|---|---|---|---|---|
r-devel-linux-x86_64-debian-clang | 1.68 | 51.14 | 226.85 | 277.99 | NOTE | |
r-devel-linux-x86_64-debian-gcc | 1.68 | 36.70 | 162.46 | 199.16 | NOTE | |
r-devel-linux-x86_64-fedora-clang | 1.68 | 471.64 | OK | |||
r-devel-linux-x86_64-fedora-gcc | 1.68 | 471.72 | OK | |||
r-devel-windows-x86_64 | 1.68 | 41.00 | 182.00 | 223.00 | OK | |
r-patched-linux-x86_64 | 1.68 | 49.09 | 214.80 | 263.89 | OK | |
r-release-linux-x86_64 | OK | |||||
r-release-macos-arm64 | 1.68 | 166.00 | OK | |||
r-release-macos-x86_64 | 1.68 | 217.00 | OK | |||
r-release-windows-x86_64 | 1.68 | 43.00 | 185.00 | 228.00 | OK | |
r-oldrel-macos-arm64 | 1.68 | 102.00 | OK | |||
r-oldrel-macos-x86_64 | 1.68 | 172.00 | OK | |||
r-oldrel-windows-x86_64 | 1.68 | 49.00 | 206.00 | 255.00 | OK |
Version: 1.68
Check: CRAN incoming feasibility
Result: NOTE
Maintainer: ‘Yoshinobu Kanda <ycanda-tky@umin.ac.jp>’
No Authors@R field in DESCRIPTION.
Please add one, modifying
Authors@R: person(given = "Yoshinobu",
family = "Kanda",
role = c("aut", "cre"),
email = "ycanda-tky@umin.ac.jp")
as necessary.
Flavors: r-devel-linux-x86_64-debian-clang, r-devel-linux-x86_64-debian-gcc
These binaries (installable software) and packages are in development.
They may not be fully stable and should be used with caution. We make no claims about them.