Last updated on 2025-07-25 01:49:37 CEST.
Flavor | Version | Tinstall | Tcheck | Ttotal | Status | Flags |
---|---|---|---|---|---|---|
r-devel-linux-x86_64-debian-clang | 1.68 | 45.53 | 205.54 | 251.07 | NOTE | |
r-devel-linux-x86_64-debian-gcc | 1.68 | 26.07 | 146.50 | 172.57 | NOTE | |
r-devel-linux-x86_64-fedora-clang | 1.68 | 430.19 | OK | |||
r-devel-linux-x86_64-fedora-gcc | 1.68 | 396.98 | OK | |||
r-devel-windows-x86_64 | 1.68 | 65.00 | 186.00 | 251.00 | OK | |
r-patched-linux-x86_64 | 1.68 | 47.75 | 213.69 | 261.44 | OK | |
r-release-linux-x86_64 | 1.68 | 50.72 | 214.35 | 265.07 | OK | |
r-release-macos-arm64 | 1.68 | 166.00 | OK | |||
r-release-macos-x86_64 | 1.68 | 217.00 | OK | |||
r-release-windows-x86_64 | 1.68 | 40.00 | 175.00 | 215.00 | OK | |
r-oldrel-macos-arm64 | 1.68 | 102.00 | OK | |||
r-oldrel-macos-x86_64 | 1.68 | 172.00 | OK | |||
r-oldrel-windows-x86_64 | 1.68 | 51.00 | 209.00 | 260.00 | OK |
Version: 1.68
Check: CRAN incoming feasibility
Result: NOTE
Maintainer: ‘Yoshinobu Kanda <ycanda-tky@umin.ac.jp>’
No Authors@R field in DESCRIPTION.
Please add one, modifying
Authors@R: person(given = "Yoshinobu",
family = "Kanda",
role = c("aut", "cre"),
email = "ycanda-tky@umin.ac.jp")
as necessary.
Flavors: r-devel-linux-x86_64-debian-clang, r-devel-linux-x86_64-debian-gcc
These binaries (installable software) and packages are in development.
They may not be fully stable and should be used with caution. We make no claims about them.