Last updated on 2025-07-04 15:48:41 CEST.
Flavor | Version | Tinstall | Tcheck | Ttotal | Status | Flags |
---|---|---|---|---|---|---|
r-devel-linux-x86_64-debian-clang | 0.3-1 | 17.78 | 137.55 | 155.33 | NOTE | |
r-devel-linux-x86_64-debian-gcc | 0.3-1 | 13.71 | 104.41 | 118.12 | NOTE | |
r-devel-linux-x86_64-fedora-clang | 0.3-1 | 247.96 | OK | |||
r-devel-linux-x86_64-fedora-gcc | 0.3-1 | 229.05 | OK | |||
r-devel-windows-x86_64 | 0.3-1 | 20.00 | 220.00 | 240.00 | OK | |
r-patched-linux-x86_64 | 0.3-1 | 16.33 | 130.79 | 147.12 | OK | |
r-release-linux-x86_64 | 0.3-1 | 15.31 | 129.40 | 144.71 | OK | |
r-release-macos-arm64 | 0.3-1 | 74.00 | OK | |||
r-release-macos-x86_64 | 0.3-1 | 129.00 | OK | |||
r-release-windows-x86_64 | 0.3-1 | 22.00 | 221.00 | 243.00 | OK | |
r-oldrel-macos-arm64 | 0.3-1 | 71.00 | OK | |||
r-oldrel-macos-x86_64 | 0.3-1 | 103.00 | OK | |||
r-oldrel-windows-x86_64 | 0.3-1 | 24.00 | 175.00 | 199.00 | OK |
Version: 0.3-1
Check: CRAN incoming feasibility
Result: NOTE
Maintainer: ‘Liviu Andronic <landronimirc@gmail.com>’
No Authors@R field in DESCRIPTION.
Please add one, modifying
Authors@R: person(given = "Liviu",
family = "Andronic",
role = c("aut", "cre"),
email = "landronimirc@gmail.com")
as necessary.
Flavors: r-devel-linux-x86_64-debian-clang, r-devel-linux-x86_64-debian-gcc
These binaries (installable software) and packages are in development.
They may not be fully stable and should be used with caution. We make no claims about them.