Last updated on 2025-05-23 05:52:36 CEST.
Flavor | Version | Tinstall | Tcheck | Ttotal | Status | Flags |
---|---|---|---|---|---|---|
r-devel-linux-x86_64-debian-clang | 0.3-1 | 16.54 | 137.88 | 154.42 | NOTE | |
r-devel-linux-x86_64-debian-gcc | 0.3-1 | 11.12 | 100.66 | 111.78 | NOTE | |
r-devel-linux-x86_64-fedora-clang | 0.3-1 | OK | ||||
r-devel-linux-x86_64-fedora-gcc | 0.3-1 | 244.08 | OK | |||
r-devel-windows-x86_64 | 0.3-1 | 27.00 | 241.00 | 268.00 | OK | |
r-patched-linux-x86_64 | 0.3-1 | 15.83 | 128.54 | 144.37 | OK | |
r-release-linux-x86_64 | 0.3-1 | 15.56 | 128.60 | 144.16 | OK | |
r-release-macos-arm64 | 0.3-1 | 74.00 | OK | |||
r-release-macos-x86_64 | 0.3-1 | 129.00 | OK | |||
r-release-windows-x86_64 | 0.3-1 | 21.00 | 230.00 | 251.00 | OK | |
r-oldrel-macos-arm64 | 0.3-1 | 71.00 | OK | |||
r-oldrel-macos-x86_64 | 0.3-1 | 103.00 | OK | |||
r-oldrel-windows-x86_64 | 0.3-1 | 23.00 | 164.00 | 187.00 | OK |
Version: 0.3-1
Check: CRAN incoming feasibility
Result: NOTE
Maintainer: ‘Liviu Andronic <landronimirc@gmail.com>’
No Authors@R field in DESCRIPTION.
Please add one, modifying
Authors@R: person(given = "Liviu",
family = "Andronic",
role = c("aut", "cre"),
email = "landronimirc@gmail.com")
as necessary.
Flavors: r-devel-linux-x86_64-debian-clang, r-devel-linux-x86_64-debian-gcc
These binaries (installable software) and packages are in development.
They may not be fully stable and should be used with caution. We make no claims about them.