Last updated on 2025-07-01 11:49:28 CEST.
Flavor | Version | Tinstall | Tcheck | Ttotal | Status | Flags |
---|---|---|---|---|---|---|
r-devel-linux-x86_64-debian-clang | 1.8 | 30.65 | 167.92 | 198.57 | NOTE | |
r-devel-linux-x86_64-debian-gcc | 1.8 | 22.43 | 121.44 | 143.87 | NOTE | |
r-devel-linux-x86_64-fedora-clang | 1.8 | 304.29 | OK | |||
r-devel-linux-x86_64-fedora-gcc | 1.8 | 299.15 | OK | |||
r-devel-windows-x86_64 | 1.8 | 42.00 | 281.00 | 323.00 | OK | |
r-patched-linux-x86_64 | OK | |||||
r-release-linux-x86_64 | 1.8 | 32.10 | 165.38 | 197.48 | OK | |
r-release-macos-arm64 | 1.8 | 108.00 | OK | |||
r-release-macos-x86_64 | 1.8 | 168.00 | OK | |||
r-release-windows-x86_64 | 1.8 | 45.00 | 259.00 | 304.00 | OK | |
r-oldrel-macos-arm64 | 1.8 | 114.00 | OK | |||
r-oldrel-macos-x86_64 | 1.8 | 135.00 | OK | |||
r-oldrel-windows-x86_64 | 1.8 | 35.00 | 190.00 | 225.00 | OK |
Version: 1.8
Check: CRAN incoming feasibility
Result: NOTE
Maintainer: ‘Francois Husson <francois.husson@institut-agro.fr>’
No Authors@R field in DESCRIPTION.
Please add one, modifying
Authors@R: c(person(given = "Francois",
family = "Husson",
role = c("aut", "cre"),
email = "francois.husson@institut-agro.fr"),
person(given = "Julie",
family = "Josse",
role = "aut"),
person(given = "Sebastien",
family = "Le",
role = "aut"))
as necessary.
Flavors: r-devel-linux-x86_64-debian-clang, r-devel-linux-x86_64-debian-gcc
These binaries (installable software) and packages are in development.
They may not be fully stable and should be used with caution. We make no claims about them.