Last updated on 2025-05-01 14:49:19 CEST.
Flavor | Version | Tinstall | Tcheck | Ttotal | Status | Flags |
---|---|---|---|---|---|---|
r-devel-linux-x86_64-debian-clang | 1.0.2 | 19.21 | 137.71 | 156.92 | NOTE | |
r-devel-linux-x86_64-debian-gcc | 1.0.2 | 14.86 | 101.71 | 116.57 | NOTE | |
r-devel-linux-x86_64-fedora-clang | 1.0.2 | 265.41 | OK | |||
r-devel-linux-x86_64-fedora-gcc | 1.0.2 | 256.24 | OK | |||
r-devel-windows-x86_64 | 1.0.2 | 28.00 | 221.00 | 249.00 | NOTE | |
r-patched-linux-x86_64 | 1.0.2 | 18.93 | 130.15 | 149.08 | NOTE | |
r-release-linux-x86_64 | NOTE | |||||
r-release-macos-arm64 | 1.0.2 | 82.00 | OK | |||
r-release-macos-x86_64 | 1.0.2 | 139.00 | OK | |||
r-release-windows-x86_64 | 1.0.2 | 25.00 | 219.00 | 244.00 | NOTE | |
r-oldrel-macos-arm64 | 1.0.2 | 83.00 | NOTE | |||
r-oldrel-macos-x86_64 | 1.0.2 | 105.00 | NOTE | |||
r-oldrel-windows-x86_64 | 1.0.2 | 21.00 | 156.00 | 177.00 | NOTE |
Version: 1.0.2
Check: Rd cross-references
Result: NOTE
Found the following Rd file(s) with Rd \link{} targets missing package
anchors:
RcmdrPlugin.GWRM.Rd: GWRM, Rcmdr
generalizedWaringModel.Rd: linearModel
Please provide package anchors for all Rd \link{} targets not in the
package itself and the base packages.
Flavors: r-devel-linux-x86_64-debian-clang, r-devel-linux-x86_64-debian-gcc, r-devel-windows-x86_64, r-patched-linux-x86_64, r-release-linux-x86_64, r-release-windows-x86_64
Version: 1.0.2
Check: LazyData
Result: NOTE
'LazyData' is specified without a 'data' directory
Flavors: r-oldrel-macos-arm64, r-oldrel-macos-x86_64, r-oldrel-windows-x86_64
These binaries (installable software) and packages are in development.
They may not be fully stable and should be used with caution. We make no claims about them.