Last updated on 2025-07-15 21:50:34 CEST.
Flavor | Version | Tinstall | Tcheck | Ttotal | Status | Flags |
---|---|---|---|---|---|---|
r-devel-linux-x86_64-debian-clang | 1.1-51 | 23.64 | 166.82 | 190.46 | NOTE | |
r-devel-linux-x86_64-debian-gcc | 1.1-51 | 18.24 | 123.01 | 141.25 | NOTE | |
r-devel-linux-x86_64-fedora-clang | 1.1-51 | 300.73 | OK | |||
r-devel-linux-x86_64-fedora-gcc | 1.1-51 | 291.88 | OK | |||
r-devel-windows-x86_64 | 1.1-51 | 30.00 | 274.00 | 304.00 | OK | |
r-patched-linux-x86_64 | 1.1-51 | 24.41 | 166.03 | 190.44 | OK | |
r-release-linux-x86_64 | 1.1-51 | 22.99 | 162.34 | 185.33 | OK | |
r-release-macos-arm64 | 1.1-51 | 105.00 | OK | |||
r-release-macos-x86_64 | 1.1-51 | 225.00 | OK | |||
r-release-windows-x86_64 | 1.1-51 | 29.00 | 198.00 | 227.00 | OK | |
r-oldrel-macos-arm64 | 1.1-51 | 100.00 | OK | |||
r-oldrel-macos-x86_64 | 1.1-51 | 129.00 | OK | |||
r-oldrel-windows-x86_64 | 1.1-51 | 32.00 | 228.00 | 260.00 | OK |
Version: 1.1-51
Check: CRAN incoming feasibility
Result: NOTE
Maintainer: ‘Richard M. Heiberger <rmh@temple.edu>’
No Authors@R field in DESCRIPTION.
Please add one, modifying
Authors@R: c(person(given = c("Richard", "M."),
family = "Heiberger",
role = c("aut", "cre"),
email = "rmh@temple.edu"),
person(given = c("with", "contributions", "from", "Burt"),
family = "Holland",
role = "aut"))
as necessary.
Flavors: r-devel-linux-x86_64-debian-clang, r-devel-linux-x86_64-debian-gcc
These binaries (installable software) and packages are in development.
They may not be fully stable and should be used with caution. We make no claims about them.