Last updated on 2025-05-01 15:49:41 CEST.
Flavor | Version | Tinstall | Tcheck | Ttotal | Status | Flags |
---|---|---|---|---|---|---|
r-devel-linux-x86_64-debian-clang | 1.1-51 | 25.33 | 172.00 | 197.33 | NOTE | |
r-devel-linux-x86_64-debian-gcc | 1.1-51 | 19.27 | 124.64 | 143.91 | NOTE | |
r-devel-linux-x86_64-fedora-clang | 1.1-51 | 343.04 | OK | |||
r-devel-linux-x86_64-fedora-gcc | 1.1-51 | 331.02 | OK | |||
r-devel-windows-x86_64 | 1.1-51 | 25.00 | 154.00 | 179.00 | OK | |
r-patched-linux-x86_64 | 1.1-51 | 24.54 | 164.22 | 188.76 | OK | |
r-release-linux-x86_64 | OK | |||||
r-release-macos-arm64 | 1.1-51 | 105.00 | OK | |||
r-release-macos-x86_64 | 1.1-51 | 225.00 | OK | |||
r-release-windows-x86_64 | 1.1-51 | 27.00 | 158.00 | 185.00 | OK | |
r-oldrel-macos-arm64 | 1.1-51 | 100.00 | OK | |||
r-oldrel-macos-x86_64 | 1.1-51 | 129.00 | OK | |||
r-oldrel-windows-x86_64 | 1.1-51 | 33.00 | 213.00 | 246.00 | OK |
Version: 1.1-51
Check: CRAN incoming feasibility
Result: NOTE
Maintainer: ‘Richard M. Heiberger <rmh@temple.edu>’
No Authors@R field in DESCRIPTION.
Please add one, modifying
Authors@R: c(person(given = c("Richard", "M."),
family = "Heiberger",
role = c("aut", "cre"),
email = "rmh@temple.edu"),
person(given = c("with", "contributions", "from", "Burt"),
family = "Holland",
role = "aut"))
as necessary.
Flavors: r-devel-linux-x86_64-debian-clang, r-devel-linux-x86_64-debian-gcc
These binaries (installable software) and packages are in development.
They may not be fully stable and should be used with caution. We make no claims about them.