CRAN Package Check Results for Package RcmdrPlugin.KMggplot2

Last updated on 2025-11-13 03:51:13 CET.

Flavor Version Tinstall Tcheck Ttotal Status Flags
r-devel-linux-x86_64-debian-clang 0.2-7 22.93 198.16 221.09 NOTE
r-devel-linux-x86_64-debian-gcc 0.2-7 16.16 147.79 163.95 NOTE
r-devel-linux-x86_64-fedora-clang 0.2-7 57.00 286.98 343.98 NOTE
r-devel-linux-x86_64-fedora-gcc 0.2-7 61.00 285.67 346.67 NOTE
r-devel-windows-x86_64 0.2-7 34.00 304.00 338.00 NOTE
r-patched-linux-x86_64 0.2-7 27.12 190.49 217.61 OK
r-release-linux-x86_64 0.2-7 21.97 190.40 212.37 OK
r-release-macos-arm64 0.2-7 11.00 87.00 98.00 OK
r-release-macos-x86_64 0.2-7 37.00 197.00 234.00 OK
r-release-windows-x86_64 0.2-7 33.00 270.00 303.00 OK
r-oldrel-macos-arm64 0.2-7 14.00 110.00 124.00 OK
r-oldrel-macos-x86_64 0.2-7 34.00 143.00 177.00 OK
r-oldrel-windows-x86_64 0.2-7 35.00 262.00 297.00 OK

Check Details

Version: 0.2-7
Check: Rd files
Result: NOTE checkRd: (-1) geom_stepribbon.Rd:72-82: Only 2 columns allowed in this table (row 2 has 1) checkRd: (-1) geom_stepribbon.Rd:72-82: Only 2 columns allowed in this table (row 4 has 1) checkRd: (-1) geom_stepribbon.Rd:72-82: Only 2 columns allowed in this table (row 6 has 1) checkRd: (-1) geom_stepribbon.Rd:72-82: Only 2 columns allowed in this table (row 8 has 1) checkRd: (-1) geom_stepribbon.Rd:72-82: Only 2 columns allowed in this table (row 10 has 1) checkRd: (-1) geom_stepribbon.Rd:72-82: Only 2 columns allowed in this table (row 12 has 1) checkRd: (-1) geom_stepribbon.Rd:72-82: Only 2 columns allowed in this table (row 14 has 1) checkRd: (-1) geom_stepribbon.Rd:72-82: Only 2 columns allowed in this table (row 16 has 1) checkRd: (-1) geom_stepribbon.Rd:72-82: Only 2 columns allowed in this table (row 18 has 1) Flavors: r-devel-linux-x86_64-debian-clang, r-devel-linux-x86_64-debian-gcc, r-devel-linux-x86_64-fedora-clang, r-devel-linux-x86_64-fedora-gcc, r-devel-windows-x86_64

These binaries (installable software) and packages are in development.
They may not be fully stable and should be used with caution. We make no claims about them.