Last updated on 2025-05-01 15:49:41 CEST.
Flavor | Version | Tinstall | Tcheck | Ttotal | Status | Flags |
---|---|---|---|---|---|---|
r-devel-linux-x86_64-debian-clang | 0.0-2 | 22.44 | 142.36 | 164.80 | NOTE | |
r-devel-linux-x86_64-debian-gcc | 0.0-2 | 17.50 | 103.04 | 120.54 | NOTE | |
r-devel-linux-x86_64-fedora-clang | 0.0-2 | 269.49 | NOTE | |||
r-devel-linux-x86_64-fedora-gcc | 0.0-2 | 272.31 | NOTE | |||
r-devel-windows-x86_64 | 0.0-2 | 33.00 | 226.00 | 259.00 | NOTE | |
r-patched-linux-x86_64 | 0.0-2 | 22.69 | 136.36 | 159.05 | NOTE | |
r-release-linux-x86_64 | NOTE | |||||
r-release-macos-arm64 | 0.0-2 | 85.00 | NOTE | |||
r-release-macos-x86_64 | 0.0-2 | 142.00 | NOTE | |||
r-release-windows-x86_64 | 0.0-2 | 29.00 | 225.00 | 254.00 | NOTE | |
r-oldrel-macos-arm64 | 0.0-2 | 87.00 | NOTE | |||
r-oldrel-macos-x86_64 | 0.0-2 | 113.00 | NOTE | |||
r-oldrel-windows-x86_64 | 0.0-2 | 25.00 | 188.00 | 213.00 | NOTE |
Version: 0.0-2
Check: CRAN incoming feasibility
Result: NOTE
Maintainer: ‘A. C. Del Re <acdelre@gmail.com>’
No Authors@R field in DESCRIPTION.
Please add one, modifying
Authors@R: person(given = c("A.", "C.", "Del"),
family = "Re",
role = c("aut", "cre"),
email = "acdelre@gmail.com")
as necessary.
Package CITATION file contains call(s) to old-style personList() or
as.personList(). Please use c() on person objects instead.
Package CITATION file contains call(s) to old-style citEntry(). Please
use bibentry() instead.
Flavors: r-devel-linux-x86_64-debian-clang, r-devel-linux-x86_64-debian-gcc
Version: 0.0-2
Check: Rd files
Result: NOTE
checkRd: (-1) RcmdrPlugin.MA-package.Rd:21: Escaped LaTeX specials: \&
checkRd: (-1) RcmdrPlugin.MA-package.Rd:23: Escaped LaTeX specials: \&
Flavors: r-devel-linux-x86_64-debian-clang, r-devel-linux-x86_64-debian-gcc, r-devel-linux-x86_64-fedora-clang, r-devel-linux-x86_64-fedora-gcc, r-devel-windows-x86_64, r-patched-linux-x86_64, r-release-linux-x86_64, r-release-macos-arm64, r-release-macos-x86_64, r-release-windows-x86_64, r-oldrel-macos-arm64, r-oldrel-macos-x86_64, r-oldrel-windows-x86_64
These binaries (installable software) and packages are in development.
They may not be fully stable and should be used with caution. We make no claims about them.