Last updated on 2025-05-01 15:49:41 CEST.
Flavor | Version | Tinstall | Tcheck | Ttotal | Status | Flags |
---|---|---|---|---|---|---|
r-devel-linux-x86_64-debian-clang | 1.0-2 | 21.01 | 136.70 | 157.71 | NOTE | |
r-devel-linux-x86_64-debian-gcc | 1.0-2 | 18.29 | 107.07 | 125.36 | NOTE | |
r-devel-linux-x86_64-fedora-clang | 1.0-2 | 273.89 | OK | |||
r-devel-linux-x86_64-fedora-gcc | 1.0-2 | 262.40 | OK | |||
r-devel-windows-x86_64 | 1.0-2 | 31.00 | 240.00 | 271.00 | OK | |
r-patched-linux-x86_64 | 1.0-2 | 20.84 | 131.79 | 152.63 | OK | |
r-release-linux-x86_64 | OK | |||||
r-release-macos-arm64 | 1.0-2 | 91.00 | OK | |||
r-release-macos-x86_64 | 1.0-2 | 142.00 | OK | |||
r-release-windows-x86_64 | 1.0-2 | 28.00 | 219.00 | 247.00 | OK | |
r-oldrel-macos-arm64 | 1.0-2 | 88.00 | OK | |||
r-oldrel-macos-x86_64 | 1.0-2 | 111.00 | OK | |||
r-oldrel-windows-x86_64 | 1.0-2 | 28.00 | 175.00 | 203.00 | OK |
Version: 1.0-2
Check: CRAN incoming feasibility
Result: NOTE
Maintainer: ‘Marcelo Goulart Correia <mgoulart.inc@gmail.com>’
No Authors@R field in DESCRIPTION.
Please add one, modifying
Authors@R: person(given = c("Marcelo", "Goulart"),
family = "Correia",
role = c("aut", "cre"),
email = "mgoulart.inc@gmail.com")
as necessary.
Flavors: r-devel-linux-x86_64-debian-clang, r-devel-linux-x86_64-debian-gcc
These binaries (installable software) and packages are in development.
They may not be fully stable and should be used with caution. We make no claims about them.