CRAN Package Check Results for Package RcmdrPlugin.RMTCJags

Last updated on 2025-07-17 13:50:15 CEST.

Flavor Version Tinstall Tcheck Ttotal Status Flags
r-devel-linux-x86_64-debian-clang 1.0-2 16.57 131.43 148.00 NOTE
r-devel-linux-x86_64-debian-gcc 1.0-2 14.02 102.10 116.12 NOTE
r-devel-linux-x86_64-fedora-clang 1.0-2 239.83 OK
r-devel-linux-x86_64-fedora-gcc 1.0-2 231.05 OK
r-devel-windows-x86_64 1.0-2 31.00 252.00 283.00 OK
r-patched-linux-x86_64 1.0-2 20.04 131.15 151.19 OK
r-release-linux-x86_64 1.0-2 20.23 130.19 150.42 OK
r-release-macos-arm64 1.0-2 91.00 OK
r-release-macos-x86_64 1.0-2 142.00 OK
r-release-windows-x86_64 1.0-2 23.00 164.00 187.00 OK
r-oldrel-macos-arm64 1.0-2 88.00 OK
r-oldrel-macos-x86_64 1.0-2 111.00 OK
r-oldrel-windows-x86_64 1.0-2 24.00 178.00 202.00 OK

Check Details

Version: 1.0-2
Check: CRAN incoming feasibility
Result: NOTE Maintainer: ‘Marcelo Goulart Correia <mgoulart.inc@gmail.com>’ No Authors@R field in DESCRIPTION. Please add one, modifying Authors@R: person(given = c("Marcelo", "Goulart"), family = "Correia", role = c("aut", "cre"), email = "mgoulart.inc@gmail.com") as necessary. Flavors: r-devel-linux-x86_64-debian-clang, r-devel-linux-x86_64-debian-gcc

These binaries (installable software) and packages are in development.
They may not be fully stable and should be used with caution. We make no claims about them.