Last updated on 2025-10-23 11:50:24 CEST.
| Flavor | Version | Tinstall | Tcheck | Ttotal | Status | Flags |
|---|---|---|---|---|---|---|
| r-devel-linux-x86_64-debian-clang | 3.2 | 31.72 | 238.77 | 270.49 | NOTE | |
| r-devel-linux-x86_64-debian-gcc | 3.2 | 23.99 | 174.37 | 198.36 | NOTE | |
| r-devel-linux-x86_64-fedora-clang | 3.2 | 122.00 | 321.93 | 443.93 | OK | |
| r-devel-linux-x86_64-fedora-gcc | 3.2 | 69.00 | 344.46 | 413.46 | OK | |
| r-devel-windows-x86_64 | 3.2 | 49.00 | 359.00 | 408.00 | OK | |
| r-patched-linux-x86_64 | 3.2 | 34.66 | 250.36 | 285.02 | OK | |
| r-release-linux-x86_64 | 3.2 | 34.64 | 248.93 | 283.57 | OK | |
| r-release-macos-arm64 | 3.2 | 31.00 | 183.00 | 214.00 | OK | |
| r-release-macos-x86_64 | 3.2 | 32.00 | 208.00 | 240.00 | OK | |
| r-release-windows-x86_64 | 3.2 | 47.00 | 306.00 | 353.00 | OK | |
| r-oldrel-macos-arm64 | 3.2 | 22.00 | 134.00 | 156.00 | OK | |
| r-oldrel-macos-x86_64 | 3.2 | 27.00 | 164.00 | 191.00 | OK | |
| r-oldrel-windows-x86_64 | 3.2 | 41.00 | 273.00 | 314.00 | OK |
Version: 3.2
Check: CRAN incoming feasibility
Result: NOTE
Maintainer: ‘Arto Luoma <arto.luoma@wippies.com>’
No Authors@R field in DESCRIPTION.
Please add one, modifying
Authors@R: person(given = "Arto",
family = "Luoma",
role = c("aut", "cre"),
email = "arto.luoma@wippies.com")
as necessary.
Flavors: r-devel-linux-x86_64-debian-clang, r-devel-linux-x86_64-debian-gcc
These binaries (installable software) and packages are in development.
They may not be fully stable and should be used with caution. We make no claims about them.