Last updated on 2025-07-02 03:50:50 CEST.
Flavor | Version | Tinstall | Tcheck | Ttotal | Status | Flags |
---|---|---|---|---|---|---|
r-devel-linux-x86_64-debian-clang | 3.2 | 30.26 | 229.83 | 260.09 | NOTE | |
r-devel-linux-x86_64-debian-gcc | 3.2 | 22.65 | 169.57 | 192.22 | NOTE | |
r-devel-linux-x86_64-fedora-clang | 3.2 | 411.13 | OK | |||
r-devel-linux-x86_64-fedora-gcc | 3.2 | 391.82 | OK | |||
r-devel-windows-x86_64 | 3.2 | 50.00 | 355.00 | 405.00 | OK | |
r-patched-linux-x86_64 | OK | |||||
r-release-linux-x86_64 | 3.2 | 34.76 | 235.00 | 269.76 | OK | |
r-release-macos-arm64 | 3.2 | 214.00 | OK | |||
r-release-macos-x86_64 | 3.2 | 240.00 | OK | |||
r-release-windows-x86_64 | 3.2 | 29.00 | 209.00 | 238.00 | OK | |
r-oldrel-macos-arm64 | 3.2 | 156.00 | OK | |||
r-oldrel-macos-x86_64 | 3.2 | 191.00 | OK | |||
r-oldrel-windows-x86_64 | 3.2 | 40.00 | 281.00 | 321.00 | OK |
Version: 3.2
Check: CRAN incoming feasibility
Result: NOTE
Maintainer: ‘Arto Luoma <arto.luoma@wippies.com>’
No Authors@R field in DESCRIPTION.
Please add one, modifying
Authors@R: person(given = "Arto",
family = "Luoma",
role = c("aut", "cre"),
email = "arto.luoma@wippies.com")
as necessary.
Flavors: r-devel-linux-x86_64-debian-clang, r-devel-linux-x86_64-debian-gcc
These binaries (installable software) and packages are in development.
They may not be fully stable and should be used with caution. We make no claims about them.