Last updated on 2025-10-24 11:50:55 CEST.
| Flavor | Version | Tinstall | Tcheck | Ttotal | Status | Flags |
|---|---|---|---|---|---|---|
| r-devel-linux-x86_64-debian-clang | 1.2-0 | 17.39 | 139.85 | 157.24 | NOTE | |
| r-devel-linux-x86_64-debian-gcc | 1.2-0 | 13.94 | 107.02 | 120.96 | NOTE | |
| r-devel-linux-x86_64-fedora-clang | 1.2-0 | 53.00 | 206.98 | 259.98 | OK | |
| r-devel-linux-x86_64-fedora-gcc | 1.2-0 | 38.00 | 201.55 | 239.55 | OK | |
| r-devel-windows-x86_64 | 1.2-0 | 33.00 | 273.00 | 306.00 | OK | |
| r-patched-linux-x86_64 | 1.2-0 | 19.53 | 142.90 | 162.43 | OK | |
| r-release-linux-x86_64 | 1.2-0 | 19.40 | 142.81 | 162.21 | OK | |
| r-release-macos-arm64 | 1.2-0 | 13.00 | 83.00 | 96.00 | OK | |
| r-release-macos-x86_64 | 1.2-0 | 19.00 | 126.00 | 145.00 | OK | |
| r-release-windows-x86_64 | 1.2-0 | 32.00 | 224.00 | 256.00 | OK | |
| r-oldrel-macos-arm64 | 1.2-0 | 12.00 | 78.00 | 90.00 | OK | |
| r-oldrel-macos-x86_64 | 1.2-0 | 15.00 | 100.00 | 115.00 | OK | |
| r-oldrel-windows-x86_64 | 1.2-0 | 25.00 | 190.00 | 215.00 | OK |
Version: 1.2-0
Check: CRAN incoming feasibility
Result: NOTE
Maintainer: ‘John Fox <jfox@mcmaster.ca>’
No Authors@R field in DESCRIPTION.
Please add one, modifying
Authors@R: person(given = "John",
family = "Fox",
role = c("aut", "cre"),
email = "jfox@mcmaster.ca")
as necessary.
Flavors: r-devel-linux-x86_64-debian-clang, r-devel-linux-x86_64-debian-gcc
These binaries (installable software) and packages are in development.
They may not be fully stable and should be used with caution. We make no claims about them.