CRAN Package Check Results for Package RcmdrPlugin.TeachingDemos

Last updated on 2025-07-19 15:51:22 CEST.

Flavor Version Tinstall Tcheck Ttotal Status Flags
r-devel-linux-x86_64-debian-clang 1.2-0 17.40 134.09 151.49 NOTE
r-devel-linux-x86_64-debian-gcc 1.2-0 13.87 103.79 117.66 NOTE
r-devel-linux-x86_64-fedora-clang 1.2-0 237.99 OK
r-devel-linux-x86_64-fedora-gcc 1.2-0 230.31 OK
r-devel-windows-x86_64 1.2-0 20.00 148.00 168.00 OK
r-patched-linux-x86_64 1.2-0 19.19 134.13 153.32 OK
r-release-linux-x86_64 1.2-0 19.79 131.89 151.68 OK
r-release-macos-arm64 1.2-0 96.00 OK
r-release-macos-x86_64 1.2-0 145.00 OK
r-release-windows-x86_64 1.2-0 19.00 147.00 166.00 OK
r-oldrel-macos-arm64 1.2-0 90.00 OK
r-oldrel-macos-x86_64 1.2-0 115.00 OK
r-oldrel-windows-x86_64 1.2-0 23.00 164.00 187.00 OK

Check Details

Version: 1.2-0
Check: CRAN incoming feasibility
Result: NOTE Maintainer: ‘John Fox <jfox@mcmaster.ca>’ No Authors@R field in DESCRIPTION. Please add one, modifying Authors@R: person(given = "John", family = "Fox", role = c("aut", "cre"), email = "jfox@mcmaster.ca") as necessary. Flavors: r-devel-linux-x86_64-debian-clang, r-devel-linux-x86_64-debian-gcc

These binaries (installable software) and packages are in development.
They may not be fully stable and should be used with caution. We make no claims about them.