Last updated on 2025-05-29 17:59:07 CEST.
Flavor | Version | Tinstall | Tcheck | Ttotal | Status | Flags |
---|---|---|---|---|---|---|
r-devel-linux-x86_64-debian-clang | 5.1-2 | 20.69 | 164.41 | 185.10 | OK | |
r-devel-linux-x86_64-debian-gcc | 5.1-2 | 16.94 | 122.55 | 139.49 | OK | |
r-devel-linux-x86_64-fedora-clang | 5.1-2 | 288.65 | OK | |||
r-devel-linux-x86_64-fedora-gcc | 5.1-2 | 280.64 | OK | |||
r-devel-windows-x86_64 | 5.1-2 | 33.00 | 283.00 | 316.00 | OK | |
r-patched-linux-x86_64 | 5.1-2 | 19.92 | 155.25 | 175.17 | OK | |
r-release-linux-x86_64 | 5.1-2 | 19.92 | 155.48 | 175.40 | OK | |
r-release-macos-arm64 | 5.1-2 | 111.00 | OK | |||
r-release-macos-x86_64 | 5.1-2 | 172.00 | OK | |||
r-release-windows-x86_64 | 5.1-2 | 20.00 | 157.00 | 177.00 | OK | |
r-oldrel-macos-arm64 | 5.1-2 | 111.00 | NOTE | |||
r-oldrel-macos-x86_64 | 5.1-2 | 138.00 | NOTE | |||
r-oldrel-windows-x86_64 | 5.1-2 | 24.00 | 185.00 | 209.00 | NOTE |
Version: 5.1-2
Check: package dependencies
Result: NOTE
Depends: includes the non-default packages:
'IQCC', 'qcc', 'qicharts2', 'randtests', 'rmarkdown',
'TeachingDemos', 'tseries'
Adding so many packages to the search path is excessive and importing
selectively is preferable.
Flavors: r-oldrel-macos-arm64, r-oldrel-macos-x86_64, r-oldrel-windows-x86_64
These binaries (installable software) and packages are in development.
They may not be fully stable and should be used with caution. We make no claims about them.