CRAN Package Check Results for Package RcmdrPlugin.UCA

Last updated on 2025-07-26 01:51:01 CEST.

Flavor Version Tinstall Tcheck Ttotal Status Flags
r-devel-linux-x86_64-debian-clang 5.1-2 18.22 158.19 176.41 OK
r-devel-linux-x86_64-debian-gcc 5.1-2 15.20 119.82 135.02 OK
r-devel-linux-x86_64-fedora-clang 5.1-2 279.29 OK
r-devel-linux-x86_64-fedora-gcc 5.1-2 282.77 OK
r-devel-windows-x86_64 5.1-2 36.00 244.00 280.00 OK
r-patched-linux-x86_64 5.1-2 19.39 155.85 175.24 OK
r-release-linux-x86_64 5.1-2 19.61 154.65 174.26 OK
r-release-macos-arm64 5.1-2 111.00 OK
r-release-macos-x86_64 5.1-2 172.00 OK
r-release-windows-x86_64 5.1-2 37.00 226.00 263.00 OK
r-oldrel-macos-arm64 5.1-2 111.00 NOTE
r-oldrel-macos-x86_64 5.1-2 138.00 NOTE
r-oldrel-windows-x86_64 5.1-2 24.00 179.00 203.00 NOTE

Check Details

Version: 5.1-2
Check: package dependencies
Result: NOTE Depends: includes the non-default packages: 'IQCC', 'qcc', 'qicharts2', 'randtests', 'rmarkdown', 'TeachingDemos', 'tseries' Adding so many packages to the search path is excessive and importing selectively is preferable. Flavors: r-oldrel-macos-arm64, r-oldrel-macos-x86_64, r-oldrel-windows-x86_64

These binaries (installable software) and packages are in development.
They may not be fully stable and should be used with caution. We make no claims about them.