Last updated on 2025-02-02 14:48:32 CET.
Flavor | Version | Tinstall | Tcheck | Ttotal | Status | Flags |
---|---|---|---|---|---|---|
r-devel-linux-x86_64-debian-clang | 0.0.5 | 20.07 | 138.68 | 158.75 | NOTE | |
r-devel-linux-x86_64-debian-gcc | 0.0.5 | 16.45 | 100.67 | 117.12 | NOTE | |
r-devel-linux-x86_64-fedora-clang | 0.0.5 | 274.16 | NOTE | |||
r-devel-linux-x86_64-fedora-gcc | 0.0.5 | 270.66 | NOTE | |||
r-devel-windows-x86_64 | 0.0.5 | 32.00 | 213.00 | 245.00 | NOTE | |
r-patched-linux-x86_64 | 0.0.5 | 18.67 | 128.89 | 147.56 | NOTE | |
r-release-linux-x86_64 | 0.0.5 | 18.33 | 129.73 | 148.06 | NOTE | |
r-release-macos-arm64 | 0.0.5 | 107.00 | NOTE | |||
r-release-macos-x86_64 | 0.0.5 | 124.00 | NOTE | |||
r-release-windows-x86_64 | 0.0.5 | 33.00 | 251.00 | 284.00 | NOTE | |
r-oldrel-macos-arm64 | 0.0.5 | 76.00 | OK | |||
r-oldrel-macos-x86_64 | 0.0.5 | 126.00 | OK | |||
r-oldrel-windows-x86_64 | 0.0.5 | 24.00 | 177.00 | 201.00 | OK |
Version: 0.0.5
Check: Rd files
Result: NOTE
checkRd: (-1) multiWayAnova_.Rd:19-20: Lost braces in \itemize; meant \describe ?
checkRd: (-1) multiWayAnova_.Rd:21: Lost braces in \itemize; meant \describe ?
checkRd: (-1) multiWayAnova_.Rd:22-23: Lost braces in \itemize; meant \describe ?
checkRd: (-1) multiWayAnova_.Rd:24-25: Lost braces in \itemize; meant \describe ?
checkRd: (-1) multiWayAnova_.Rd:29: Lost braces in \itemize; meant \describe ?
checkRd: (-1) multiWayAnova_.Rd:30: Lost braces in \itemize; meant \describe ?
checkRd: (-1) multiWayAnova_.Rd:31-32: Lost braces in \itemize; meant \describe ?
checkRd: (-1) multiWayAnova_.Rd:33: Lost braces in \itemize; meant \describe ?
checkRd: (-1) multiWayAnova_.Rd:34-38: Lost braces in \itemize; meant \describe ?
checkRd: (-1) oneWayAnova_.Rd:19: Lost braces in \itemize; meant \describe ?
checkRd: (-1) oneWayAnova_.Rd:20-21: Lost braces in \itemize; meant \describe ?
checkRd: (-1) oneWayAnova_.Rd:22: Lost braces in \itemize; meant \describe ?
checkRd: (-1) oneWayAnova_.Rd:27: Lost braces in \itemize; meant \describe ?
checkRd: (-1) oneWayAnova_.Rd:28: Lost braces in \itemize; meant \describe ?
checkRd: (-1) oneWayAnova_.Rd:29-30: Lost braces in \itemize; meant \describe ?
checkRd: (-1) oneWayAnova_.Rd:31: Lost braces in \itemize; meant \describe ?
checkRd: (-1) repMeasAnova.Rd:26-27: Lost braces in \itemize; meant \describe ?
checkRd: (-1) repMeasAnova.Rd:28: Lost braces in \itemize; meant \describe ?
checkRd: (-1) repMeasAnova.Rd:29-30: Lost braces in \itemize; meant \describe ?
checkRd: (-1) repMeasAnova.Rd:31-32: Lost braces in \itemize; meant \describe ?
checkRd: (-1) repMeasAnova.Rd:36-50: Lost braces in \itemize; meant \describe ?
checkRd: (-1) repMeasAnova.Rd:39: Lost braces in \itemize; meant \describe ?
checkRd: (-1) repMeasAnova.Rd:40: Lost braces in \itemize; meant \describe ?
checkRd: (-1) repMeasAnova.Rd:41-42: Lost braces in \itemize; meant \describe ?
checkRd: (-1) repMeasAnova.Rd:43-44: Lost braces in \itemize; meant \describe ?
checkRd: (-1) repMeasAnova.Rd:45-47: Lost braces in \itemize; meant \describe ?
checkRd: (-1) repMeasAnova.Rd:51: Lost braces in \itemize; meant \describe ?
checkRd: (-1) repMeasAnova.Rd:52: Lost braces in \itemize; meant \describe ?
checkRd: (-1) repMeasAnova.Rd:53-54: Lost braces in \itemize; meant \describe ?
checkRd: (-1) repMeasAnova.Rd:55: Lost braces in \itemize; meant \describe ?
checkRd: (-1) repMeasAnovaSetup.Rd:19-21: Lost braces in \itemize; meant \describe ?
checkRd: (-1) repMeasAnovaSetup.Rd:22-24: Lost braces in \itemize; meant \describe ?
Flavors: r-devel-linux-x86_64-debian-clang, r-devel-linux-x86_64-debian-gcc, r-devel-linux-x86_64-fedora-clang, r-devel-linux-x86_64-fedora-gcc, r-devel-windows-x86_64, r-patched-linux-x86_64, r-release-linux-x86_64, r-release-macos-arm64, r-release-macos-x86_64, r-release-windows-x86_64
These binaries (installable software) and packages are in development.
They may not be fully stable and should be used with caution. We make no claims about them.