Last updated on 2025-10-24 05:50:53 CEST.
| Flavor | Version | Tinstall | Tcheck | Ttotal | Status | Flags |
|---|---|---|---|---|---|---|
| r-devel-linux-x86_64-debian-clang | 0.2.0 | 20.44 | 144.45 | 164.89 | NOTE | |
| r-devel-linux-x86_64-debian-gcc | 0.2.0 | 14.83 | 107.60 | 122.43 | NOTE | |
| r-devel-linux-x86_64-fedora-clang | 0.2.0 | 62.00 | 200.54 | 262.54 | OK | |
| r-devel-linux-x86_64-fedora-gcc | 0.2.0 | 41.00 | 204.00 | 245.00 | OK | |
| r-devel-windows-x86_64 | 0.2.0 | 30.00 | 239.00 | 269.00 | NOTE | |
| r-patched-linux-x86_64 | 0.2.0 | 19.85 | 137.19 | 157.04 | NOTE | |
| r-release-linux-x86_64 | 0.2.0 | 20.68 | 139.74 | 160.42 | NOTE | |
| r-release-macos-arm64 | 0.2.0 | 12.00 | 76.00 | 88.00 | OK | |
| r-release-macos-x86_64 | 0.2.0 | 19.00 | 130.00 | 149.00 | OK | |
| r-release-windows-x86_64 | 0.2.0 | 31.00 | 201.00 | 232.00 | NOTE | |
| r-oldrel-macos-arm64 | 0.2.0 | 12.00 | 68.00 | 80.00 | OK | |
| r-oldrel-macos-x86_64 | 0.2.0 | 15.00 | 94.00 | 109.00 | OK | |
| r-oldrel-windows-x86_64 | 0.2.0 | 28.00 | 177.00 | 205.00 | OK |
Version: 0.2.0
Check: Rd cross-references
Result: NOTE
Found the following Rd file(s) with Rd \link{} targets missing package
anchors:
RcmdrPlugin.cpd.Rd: cpd, Rcmdr
Please provide package anchors for all Rd \link{} targets not in the
package itself and the base packages.
Flavors: r-devel-linux-x86_64-debian-clang, r-devel-linux-x86_64-debian-gcc, r-devel-windows-x86_64, r-patched-linux-x86_64, r-release-linux-x86_64, r-release-windows-x86_64
These binaries (installable software) and packages are in development.
They may not be fully stable and should be used with caution. We make no claims about them.