Last updated on 2025-07-26 07:50:32 CEST.
Flavor | Version | Tinstall | Tcheck | Ttotal | Status | Flags |
---|---|---|---|---|---|---|
r-devel-linux-x86_64-debian-clang | 1.3-2 | 19.96 | 136.66 | 156.62 | NOTE | |
r-devel-linux-x86_64-debian-gcc | 1.3-2 | 13.89 | 105.95 | 119.84 | NOTE | |
r-devel-linux-x86_64-fedora-clang | 1.3-2 | 252.73 | OK | |||
r-devel-linux-x86_64-fedora-gcc | 1.3-2 | 241.99 | OK | |||
r-devel-windows-x86_64 | 1.3-2 | 36.00 | 220.00 | 256.00 | OK | |
r-patched-linux-x86_64 | 1.3-2 | 19.90 | 137.24 | 157.14 | OK | |
r-release-linux-x86_64 | 1.3-2 | 20.46 | 136.80 | 157.26 | OK | |
r-release-macos-arm64 | 1.3-2 | 88.00 | OK | |||
r-release-macos-x86_64 | 1.3-2 | 145.00 | OK | |||
r-release-windows-x86_64 | 1.3-2 | 35.00 | 193.00 | 228.00 | OK | |
r-oldrel-macos-arm64 | 1.3-2 | 87.00 | OK | |||
r-oldrel-macos-x86_64 | 1.3-2 | 115.00 | OK | |||
r-oldrel-windows-x86_64 | 1.3-2 | 26.00 | 171.00 | 197.00 | OK |
Version: 1.3-2
Check: CRAN incoming feasibility
Result: NOTE
Maintainer: ‘John Fox <jfox@mcmaster.ca>’
No Authors@R field in DESCRIPTION.
Please add one, modifying
Authors@R: person(given = "John",
family = "Fox",
role = c("aut", "cre"),
email = "jfox@mcmaster.ca")
as necessary.
Flavors: r-devel-linux-x86_64-debian-clang, r-devel-linux-x86_64-debian-gcc
These binaries (installable software) and packages are in development.
They may not be fully stable and should be used with caution. We make no claims about them.