Last updated on 2025-07-04 11:50:35 CEST.
Flavor | Version | Tinstall | Tcheck | Ttotal | Status | Flags |
---|---|---|---|---|---|---|
r-devel-linux-x86_64-debian-clang | 0.7.12 | 26.88 | 170.56 | 197.44 | OK | |
r-devel-linux-x86_64-debian-gcc | 0.7.12 | 17.93 | 126.17 | 144.10 | OK | |
r-devel-linux-x86_64-fedora-clang | 0.7.12 | 325.46 | OK | |||
r-devel-linux-x86_64-fedora-gcc | 0.7.12 | 296.01 | OK | |||
r-devel-windows-x86_64 | 0.7.12 | 32.00 | 246.00 | 278.00 | OK | |
r-patched-linux-x86_64 | 0.7.12 | 29.27 | 172.65 | 201.92 | OK | |
r-release-linux-x86_64 | 0.7.12 | 28.71 | 172.36 | 201.07 | OK | |
r-release-macos-arm64 | 0.7.12 | 82.00 | OK | |||
r-release-macos-x86_64 | 0.7.12 | 120.00 | OK | |||
r-release-windows-x86_64 | 0.7.12 | 35.00 | 253.00 | 288.00 | OK | |
r-oldrel-macos-arm64 | 0.7.12 | 131.00 | NOTE | |||
r-oldrel-macos-x86_64 | 0.7.12 | 121.00 | NOTE | |||
r-oldrel-windows-x86_64 | 0.7.12 | 34.00 | 212.00 | 246.00 | NOTE |
Version: 0.7.12
Check: package dependencies
Result: NOTE
Package suggested but not available for checking: ‘ROpenOffice’
Flavors: r-oldrel-macos-arm64, r-oldrel-macos-x86_64, r-oldrel-windows-x86_64
These binaries (installable software) and packages are in development.
They may not be fully stable and should be used with caution. We make no claims about them.