Last updated on 2025-05-22 06:51:55 CEST.
Flavor | Version | Tinstall | Tcheck | Ttotal | Status | Flags |
---|---|---|---|---|---|---|
r-devel-linux-x86_64-debian-clang | 0.7.12 | 29.11 | 178.84 | 207.95 | OK | |
r-devel-linux-x86_64-debian-gcc | 0.7.12 | 22.93 | 139.77 | 162.70 | OK | |
r-devel-linux-x86_64-fedora-clang | 0.7.12 | 363.42 | OK | |||
r-devel-linux-x86_64-fedora-gcc | 0.7.12 | 350.09 | OK | |||
r-devel-windows-x86_64 | 0.7.12 | 26.00 | 174.00 | 200.00 | OK | |
r-patched-linux-x86_64 | 0.7.12 | 28.44 | 171.22 | 199.66 | OK | |
r-release-linux-x86_64 | 0.7.12 | 28.29 | 173.06 | 201.35 | OK | |
r-release-macos-arm64 | 0.7.12 | 82.00 | OK | |||
r-release-macos-x86_64 | 0.7.12 | 120.00 | OK | |||
r-release-windows-x86_64 | 0.7.12 | 29.00 | 193.00 | 222.00 | OK | |
r-oldrel-macos-arm64 | 0.7.12 | 131.00 | NOTE | |||
r-oldrel-macos-x86_64 | 0.7.12 | 121.00 | NOTE | |||
r-oldrel-windows-x86_64 | 0.7.12 | 33.00 | 200.00 | 233.00 | NOTE |
Version: 0.7.12
Check: package dependencies
Result: NOTE
Package suggested but not available for checking: ‘ROpenOffice’
Flavors: r-oldrel-macos-arm64, r-oldrel-macos-x86_64, r-oldrel-windows-x86_64
These binaries (installable software) and packages are in development.
They may not be fully stable and should be used with caution. We make no claims about them.