Last updated on 2024-07-27 15:50:30 CEST.
Flavor | Version | Tinstall | Tcheck | Ttotal | Status | Flags |
---|---|---|---|---|---|---|
r-devel-linux-x86_64-debian-clang | 1.3.0 | 16.94 | 242.37 | 259.31 | OK | |
r-devel-linux-x86_64-debian-gcc | 1.3.0 | OK | ||||
r-devel-linux-x86_64-fedora-clang | 1.3.0 | 320.55 | NOTE | |||
r-devel-linux-x86_64-fedora-gcc | 1.3.0 | 330.55 | NOTE | |||
r-devel-windows-x86_64 | 1.3.0 | 13.00 | 217.00 | 230.00 | OK | |
r-patched-linux-x86_64 | 1.3.0 | OK | ||||
r-release-linux-x86_64 | 1.3.0 | 13.75 | 233.87 | 247.62 | OK | |
r-release-macos-arm64 | 1.3.0 | 121.00 | OK | |||
r-release-macos-x86_64 | 1.3.0 | 171.00 | OK | |||
r-release-windows-x86_64 | 1.3.0 | 13.00 | 195.00 | 208.00 | OK | |
r-oldrel-macos-arm64 | 1.3.0 | 126.00 | OK | |||
r-oldrel-macos-x86_64 | 1.3.0 | 254.00 | OK | |||
r-oldrel-windows-x86_64 | 1.3.0 | 18.00 | 245.00 | 263.00 | OK |
Version: 1.3.0
Check: data for non-ASCII characters
Result: NOTE
Note: found 345 marked UTF-8 strings
Flavors: r-devel-linux-x86_64-fedora-clang, r-devel-linux-x86_64-fedora-gcc
These binaries (installable software) and packages are in development.
They may not be fully stable and should be used with caution. We make no claims about them.