CRAN Package Check Results for Package Rcplex

Last updated on 2025-05-23 11:56:04 CEST.

Flavor Version Tinstall Tcheck Ttotal Status Flags
r-devel-linux-x86_64-debian-clang 0.3-8 1.95 23.16 25.11 OK --install=fake --no-examples --no-tests --no-vignettes
r-devel-linux-x86_64-debian-gcc 0.3-8 1.41 18.74 20.15 OK --install=fake --no-examples --no-tests --no-vignettes
r-patched-linux-x86_64 0.3-8 2.20 22.41 24.61 OK --install=fake --no-examples --no-tests --no-vignettes
r-release-linux-x86_64 0.3-8 1.91 22.51 24.42 OK --install=fake --no-examples --no-tests --no-vignettes
r-release-macos-arm64 0.3-8 6.00 ERROR
r-release-macos-x86_64 0.3-8 8.00 ERROR
r-oldrel-macos-arm64 0.3-8 11.00 ERROR
r-oldrel-macos-x86_64 0.3-8 14.00 ERROR
r-oldrel-windows-x86_64 0.3-6 10.00 6.00 16.00 ERROR

Check Details

Version: 0.3-8
Check: whether package can be installed
Result: ERROR Installation failed. Flavors: r-release-macos-arm64, r-release-macos-x86_64, r-oldrel-macos-arm64, r-oldrel-macos-x86_64

Version: 0.3-6
Check: whether package can be installed
Result: ERROR Installation failed. Flavor: r-oldrel-windows-x86_64

These binaries (installable software) and packages are in development.
They may not be fully stable and should be used with caution. We make no claims about them.