Last updated on 2025-10-23 23:49:42 CEST.
| Flavor | Version | Tinstall | Tcheck | Ttotal | Status | Flags |
|---|---|---|---|---|---|---|
| r-devel-linux-x86_64-debian-clang | 0.3-8 | 2.25 | 25.04 | 27.29 | OK | --install=fake --no-examples --no-tests --no-vignettes |
| r-devel-linux-x86_64-debian-gcc | 0.3-8 | 1.69 | 19.96 | 21.65 | OK | --install=fake --no-examples --no-tests --no-vignettes |
| r-patched-linux-x86_64 | 0.3-8 | 1.94 | 24.06 | 26.00 | OK | --install=fake --no-examples --no-tests --no-vignettes |
| r-release-linux-x86_64 | 0.3-8 | 2.08 | 23.92 | 26.00 | OK | --install=fake --no-examples --no-tests --no-vignettes |
| r-release-macos-arm64 | 0.3-8 | 2.00 | 5.00 | 7.00 | ERROR | |
| r-release-macos-x86_64 | 0.3-8 | 5.00 | 7.00 | 12.00 | ERROR | |
| r-oldrel-macos-arm64 | 0.3-8 | 2.00 | 11.00 | 13.00 | ERROR | |
| r-oldrel-macos-x86_64 | 0.3-8 | 6.00 | 13.00 | 19.00 | ERROR | |
| r-oldrel-windows-x86_64 | 0.3-6 | 10.00 | 6.00 | 16.00 | ERROR |
Version: 0.3-8
Check: whether package can be installed
Result: ERROR
Installation failed.
Flavors: r-release-macos-arm64, r-release-macos-x86_64, r-oldrel-macos-arm64, r-oldrel-macos-x86_64
Version: 0.3-6
Check: whether package can be installed
Result: ERROR
Installation failed.
Flavor: r-oldrel-windows-x86_64
These binaries (installable software) and packages are in development.
They may not be fully stable and should be used with caution. We make no claims about them.