Last updated on 2024-07-27 15:50:30 CEST.
Flavor | Version | Tinstall | Tcheck | Ttotal | Status | Flags |
---|---|---|---|---|---|---|
r-devel-linux-x86_64-debian-clang | 0.3-6 | 2.66 | 27.52 | 30.18 | OK | --install=fake --no-examples --no-tests --no-vignettes |
r-devel-linux-x86_64-debian-gcc | 0.3-6 | OK | --install=fake --no-examples --no-tests --no-vignettes | |||
r-patched-linux-x86_64 | 0.3-6 | OK | --install=fake --no-examples --no-tests --no-vignettes | |||
r-release-linux-x86_64 | 0.3-6 | 2.38 | 26.55 | 28.93 | OK | --install=fake --no-examples --no-tests --no-vignettes |
r-release-macos-arm64 | 0.3-6 | 7.00 | ERROR | |||
r-release-macos-x86_64 | 0.3-6 | 14.00 | ERROR | |||
r-release-windows-x86_64 | 0.3-6 | 10.00 | 6.00 | 16.00 | ERROR | |
r-oldrel-macos-arm64 | 0.3-6 | 13.00 | ERROR | |||
r-oldrel-macos-x86_64 | 0.3-6 | 18.00 | ERROR | |||
r-oldrel-windows-x86_64 | 0.3-5 | 3.00 | 7.00 | 10.00 | ERROR |
Version: 0.3-6
Check: whether package can be installed
Result: ERROR
Installation failed.
Flavors: r-release-macos-arm64, r-release-macos-x86_64, r-release-windows-x86_64, r-oldrel-macos-arm64, r-oldrel-macos-x86_64
Version: 0.3-5
Check: whether package can be installed
Result: ERROR
Installation failed.
Flavor: r-oldrel-windows-x86_64
These binaries (installable software) and packages are in development.
They may not be fully stable and should be used with caution. We make no claims about them.