Last updated on 2025-02-16 10:50:56 CET.
Flavor | Version | Tinstall | Tcheck | Ttotal | Status | Flags |
---|---|---|---|---|---|---|
r-devel-linux-x86_64-debian-clang | 0.0.10 | 27.49 | 33.92 | 61.41 | OK | |
r-devel-linux-x86_64-debian-gcc | 0.0.10 | 19.41 | 27.16 | 46.57 | OK | |
r-devel-macos-arm64 | 0.0.10 | 34.00 | OK | |||
r-devel-macos-x86_64 | 0.0.10 | 60.00 | NOTE | |||
r-devel-windows-x86_64 | 0.0.10 | 26.00 | 71.00 | 97.00 | OK | |
r-patched-linux-x86_64 | 0.0.10 | 28.44 | 32.00 | 60.44 | OK | |
r-release-linux-x86_64 | 0.0.10 | 28.00 | 32.31 | 60.31 | OK | |
r-release-macos-arm64 | 0.0.10 | 50.00 | OK | |||
r-release-macos-x86_64 | 0.0.10 | 102.00 | OK | |||
r-release-windows-x86_64 | 0.0.10 | 27.00 | 87.00 | 114.00 | OK | |
r-oldrel-macos-arm64 | 0.0.10 | 45.00 | OK | |||
r-oldrel-macos-x86_64 | 0.0.10 | 103.00 | OK | |||
r-oldrel-windows-x86_64 | 0.0.10 | 31.00 | 112.00 | 143.00 | OK |
Version: 0.0.10
Check: package vignettes
Result: NOTE
Package vignette without corresponding tangle output:
‘binnmuAfterR340.md’
Flavor: r-devel-macos-x86_64
These binaries (installable software) and packages are in development.
They may not be fully stable and should be used with caution. We make no claims about them.